Last updated on 2025-04-29 12:52:36 CEST.
Flavor | Version | Tinstall | Tcheck | Ttotal | Status | Flags |
---|---|---|---|---|---|---|
r-devel-linux-x86_64-debian-clang | 2.0-6 | 6.58 | 58.77 | 65.35 | NOTE | |
r-devel-linux-x86_64-debian-gcc | 2.0-6 | 4.56 | 44.21 | 48.77 | NOTE | |
r-devel-linux-x86_64-fedora-clang | 2.0-6 | 99.97 | OK | |||
r-devel-linux-x86_64-fedora-gcc | 2.0-6 | 99.92 | OK | |||
r-devel-windows-x86_64 | 2.0-6 | 7.00 | 73.00 | 80.00 | OK | |
r-patched-linux-x86_64 | 2.0-6 | 7.49 | 57.39 | 64.88 | OK | |
r-release-linux-x86_64 | 2.0-6 | 6.45 | 57.29 | 63.74 | OK | |
r-release-macos-arm64 | 2.0-6 | 35.00 | OK | |||
r-release-macos-x86_64 | 2.0-6 | 65.00 | OK | |||
r-release-windows-x86_64 | 2.0-6 | 8.00 | 76.00 | 84.00 | OK | |
r-oldrel-macos-arm64 | 2.0-6 | 32.00 | OK | |||
r-oldrel-macos-x86_64 | 2.0-6 | 45.00 | OK | |||
r-oldrel-windows-x86_64 | 2.0-6 | 9.00 | 85.00 | 94.00 | OK |
Version: 2.0-6
Check: CRAN incoming feasibility
Result: NOTE
Maintainer: ‘Rodrigo Aluizio <r.aluizio@gmail.com>’
No Authors@R field in DESCRIPTION.
Please add one, modifying
Authors@R: person(given = "Rodrigo",
family = "Aluizio",
role = c("aut", "cre"),
email = "r.aluizio@gmail.com")
as necessary.
Flavors: r-devel-linux-x86_64-debian-clang, r-devel-linux-x86_64-debian-gcc