Last updated on 2022-06-25 10:53:03 CEST.
Flavor | Version | Tinstall | Tcheck | Ttotal | Status | Flags |
---|---|---|---|---|---|---|
r-devel-linux-x86_64-debian-clang | 0.1.0 | 8.27 | 239.57 | 247.84 | NOTE | |
r-devel-linux-x86_64-debian-gcc | 0.1.0 | 5.63 | 185.48 | 191.11 | NOTE | |
r-devel-linux-x86_64-fedora-clang | 0.1.0 | 306.34 | NOTE | |||
r-devel-linux-x86_64-fedora-gcc | 0.1.0 | 309.55 | NOTE | |||
r-devel-windows-x86_64 | 0.1.0 | 25.00 | 285.00 | 310.00 | NOTE | |
r-patched-linux-x86_64 | 0.1.0 | 12.02 | 247.50 | 259.52 | NOTE | |
r-release-linux-x86_64 | 0.1.0 | 5.36 | 239.50 | 244.86 | NOTE | |
r-release-macos-arm64 | 0.1.0 | 109.00 | NOTE | |||
r-release-macos-x86_64 | 0.1.0 | 160.00 | NOTE | |||
r-release-windows-x86_64 | 0.1.0 | 26.00 | 290.00 | 316.00 | NOTE | |
r-oldrel-macos-arm64 | 0.1.0 | 166.00 | NOTE | |||
r-oldrel-macos-x86_64 | 0.1.0 | 175.00 | NOTE | |||
r-oldrel-windows-ix86+x86_64 | 0.1.0 | 21.00 | 100.00 | 121.00 | NOTE |
Version: 0.1.0
Check: LazyData
Result: NOTE
'LazyData' is specified without a 'data' directory
Flavors: r-devel-linux-x86_64-debian-clang, r-devel-linux-x86_64-debian-gcc, r-devel-linux-x86_64-fedora-clang, r-devel-linux-x86_64-fedora-gcc, r-devel-windows-x86_64, r-patched-linux-x86_64, r-release-linux-x86_64, r-release-macos-arm64, r-release-macos-x86_64, r-release-windows-x86_64, r-oldrel-macos-arm64, r-oldrel-macos-x86_64, r-oldrel-windows-ix86+x86_64
Version: 0.1.0
Check: dependencies in R code
Result: NOTE
Namespace in Imports field not imported from: ‘grid’
All declared Imports should be used.
Flavors: r-devel-linux-x86_64-fedora-clang, r-devel-linux-x86_64-fedora-gcc, r-release-macos-arm64, r-release-macos-x86_64, r-oldrel-macos-arm64, r-oldrel-macos-x86_64
Version: 0.1.0
Check: package dependencies
Result: NOTE
Package suggested but not available for checking: ‘minet’
Flavors: r-release-macos-arm64, r-oldrel-macos-arm64