Last updated on 2023-02-07 11:52:08 CET.
Flavor | Version | Tinstall | Tcheck | Ttotal | Status | Flags |
---|---|---|---|---|---|---|
r-devel-linux-x86_64-debian-clang | 1.1 | 2.33 | 18.24 | 20.57 | NOTE | |
r-devel-linux-x86_64-debian-gcc | 1.1 | 2.05 | 14.77 | 16.82 | NOTE | |
r-devel-linux-x86_64-fedora-clang | 1.1 | 26.29 | NOTE | |||
r-devel-linux-x86_64-fedora-gcc | 1.1 | 24.80 | NOTE | |||
r-devel-windows-x86_64 | 1.1 | 52.00 | 47.00 | 99.00 | NOTE | |
r-patched-linux-x86_64 | 1.1 | 2.29 | 18.88 | 21.17 | NOTE | |
r-release-linux-x86_64 | 1.1 | 2.68 | 19.29 | 21.97 | NOTE | |
r-release-macos-arm64 | 1.1 | 12.00 | NOTE | |||
r-release-macos-x86_64 | 1.1 | 18.00 | NOTE | |||
r-release-windows-x86_64 | 1.1 | 49.00 | 45.00 | 94.00 | NOTE | |
r-oldrel-macos-arm64 | 1.1 | 16.00 | NOTE | |||
r-oldrel-macos-x86_64 | 1.1 | 21.00 | NOTE | |||
r-oldrel-windows-ix86+x86_64 | 1.1 | 5.00 | 43.00 | 48.00 | NOTE |
Version: 1.1
Check: DESCRIPTION meta-information
Result: NOTE
Malformed Description field: should contain one or more complete sentences.
Flavors: r-devel-linux-x86_64-debian-clang, r-devel-linux-x86_64-debian-gcc, r-devel-linux-x86_64-fedora-clang, r-devel-linux-x86_64-fedora-gcc, r-devel-windows-x86_64, r-patched-linux-x86_64, r-release-linux-x86_64, r-release-macos-arm64, r-release-macos-x86_64, r-release-windows-x86_64, r-oldrel-macos-arm64, r-oldrel-macos-x86_64, r-oldrel-windows-ix86+x86_64
Version: 1.1
Check: installed package size
Result: NOTE
installed size is 6.7Mb
sub-directories of 1Mb or more:
fonts 6.6Mb
Flavors: r-devel-linux-x86_64-fedora-clang, r-devel-windows-x86_64, r-release-macos-arm64, r-release-macos-x86_64, r-release-windows-x86_64, r-oldrel-macos-arm64, r-oldrel-macos-x86_64, r-oldrel-windows-ix86+x86_64