CRAN Package Check Results for Package fontBitstreamVera

Last updated on 2025-05-11 11:51:02 CEST.

Flavor Version Tinstall Tcheck Ttotal Status Flags
r-devel-linux-x86_64-debian-clang 0.1.1 1.24 8.35 9.59 OK
r-devel-linux-x86_64-debian-gcc 0.1.1 0.98 7.02 8.00 OK
r-devel-linux-x86_64-fedora-clang 0.1.1 13.98 OK
r-devel-linux-x86_64-fedora-gcc 0.1.1 14.13 OK
r-devel-windows-x86_64 0.1.1 3.00 23.00 26.00 OK
r-patched-linux-x86_64 0.1.1 1.07 7.62 8.69 OK
r-release-linux-x86_64 0.1.1 1.12 7.56 8.68 OK
r-release-macos-arm64 0.1.1 11.00 OK
r-release-macos-x86_64 0.1.1 18.00 OK
r-release-windows-x86_64 0.1.1 2.00 20.00 22.00 OK
r-oldrel-macos-arm64 0.1.1 15.00 NOTE
r-oldrel-macos-x86_64 0.1.1 12.00 NOTE
r-oldrel-windows-x86_64 0.1.1 3.00 18.00 21.00 NOTE

Check Details

Version: 0.1.1
Check: LazyData
Result: NOTE 'LazyData' is specified without a 'data' directory Flavors: r-oldrel-macos-arm64, r-oldrel-macos-x86_64, r-oldrel-windows-x86_64