CRAN Package Check Results for Package fmf

Last updated on 2024-04-21 12:53:56 CEST.

Flavor Version Tinstall Tcheck Ttotal Status Flags
r-devel-linux-x86_64-debian-clang 1.1.1 50.85 167.95 218.80 NOTE
r-devel-linux-x86_64-debian-gcc 1.1.1 40.85 124.42 165.27 NOTE
r-devel-linux-x86_64-fedora-clang 1.1.1 295.17 NOTE
r-devel-linux-x86_64-fedora-gcc 1.1.1 278.44 NOTE
r-prerel-macos-arm64 1.1.1 69.00 NOTE
r-prerel-windows-x86_64 1.1.1 44.00 145.00 189.00 NOTE
r-patched-linux-x86_64 1.1.1 46.89 157.27 204.16 NOTE
r-release-linux-x86_64 1.1.1 51.10 162.23 213.33 NOTE
r-release-macos-arm64 1.1.1 77.00 NOTE
r-release-macos-x86_64 1.1.1 130.00 NOTE
r-release-windows-x86_64 1.1.1 57.00 184.00 241.00 NOTE
r-oldrel-macos-arm64 1.1.1 68.00 OK
r-oldrel-windows-x86_64 1.1.1 55.00 184.00 239.00 OK

Check Details

Version: 1.1.1
Check: C++ specification
Result: NOTE Specified C++11: please drop specification unless essential Flavors: r-devel-linux-x86_64-debian-clang, r-devel-linux-x86_64-debian-gcc, r-devel-linux-x86_64-fedora-clang, r-devel-linux-x86_64-fedora-gcc, r-prerel-macos-arm64, r-prerel-windows-x86_64, r-patched-linux-x86_64, r-release-linux-x86_64, r-release-macos-arm64, r-release-macos-x86_64, r-release-windows-x86_64