CRAN Package Check Results for Package float

Last updated on 2022-08-08 10:56:22 CEST.

Flavor Version Tinstall Tcheck Ttotal Status Flags
r-devel-linux-x86_64-debian-clang 0.3-0 24.62 88.71 113.33 OK
r-devel-linux-x86_64-debian-gcc 0.3-0 20.85 68.07 88.92 OK
r-devel-linux-x86_64-fedora-clang 0.3-0 148.51 OK
r-devel-linux-x86_64-fedora-gcc 0.3-0 145.81 OK
r-devel-windows-x86_64 0.3-0 102.00 142.00 244.00 OK
r-patched-linux-x86_64 0.3-0 21.54 83.93 105.47 OK
r-release-linux-x86_64 0.3-0 OK
r-release-macos-arm64 0.3-0 46.00 OK
r-release-macos-x86_64 0.3-0 70.00 OK
r-release-windows-x86_64 0.3-0 64.00 150.00 214.00 OK
r-oldrel-macos-arm64 0.3-0 48.00 OK
r-oldrel-macos-x86_64 0.3-0 75.00 OK
r-oldrel-windows-ix86+x86_64 0.3-0 190.00 170.00 360.00 NOTE

Check Details

Version: 0.3-0
Check: installed package size
Result: NOTE
     installed size is 10.2Mb
     sub-directories of 1Mb or more:
     libs 9.2Mb
Flavor: r-oldrel-windows-ix86+x86_64