Last updated on 2022-07-02 12:53:03 CEST.
Flavor | Version | Tinstall | Tcheck | Ttotal | Status | Flags |
---|---|---|---|---|---|---|
r-devel-linux-x86_64-debian-clang | 0.1.0 | 6.29 | 58.33 | 64.62 | OK | |
r-devel-linux-x86_64-debian-gcc | 0.1.0 | 4.50 | 43.15 | 47.65 | OK | |
r-devel-linux-x86_64-fedora-clang | 0.1.0 | 85.86 | NOTE | |||
r-devel-linux-x86_64-fedora-gcc | 0.1.0 | 85.00 | NOTE | |||
r-devel-windows-x86_64 | 0.1.0 | 13.00 | 81.00 | 94.00 | OK | |
r-patched-linux-x86_64 | 0.1.0 | 5.75 | 54.54 | 60.29 | OK | |
r-release-linux-x86_64 | 0.1.0 | 5.24 | 53.78 | 59.02 | OK | |
r-release-macos-arm64 | 0.1.0 | 25.00 | NOTE | |||
r-release-macos-x86_64 | 0.1.0 | 49.00 | NOTE | |||
r-release-windows-x86_64 | 0.1.0 | 23.00 | 81.00 | 104.00 | OK | |
r-oldrel-macos-arm64 | 0.1.0 | 30.00 | NOTE | |||
r-oldrel-macos-x86_64 | 0.1.0 | 38.00 | NOTE | |||
r-oldrel-windows-ix86+x86_64 | 0.1.0 | 15.00 | 72.00 | 87.00 | OK |
Version: 0.1.0
Check: data for non-ASCII characters
Result: NOTE
Note: found 710 marked UTF-8 strings
Flavors: r-devel-linux-x86_64-fedora-clang, r-devel-linux-x86_64-fedora-gcc, r-release-macos-arm64, r-release-macos-x86_64, r-oldrel-macos-arm64, r-oldrel-macos-x86_64