CRAN Package Check Results for Package flatness

Last updated on 2022-06-24 11:52:07 CEST.

Flavor Version Tinstall Tcheck Ttotal Status Flags
r-devel-linux-x86_64-debian-clang 0.1.4 3.53 34.86 38.39 OK
r-devel-linux-x86_64-debian-gcc 0.1.4 2.80 26.36 29.16 OK
r-devel-linux-x86_64-fedora-clang 0.1.4 56.11 NOTE
r-devel-linux-x86_64-fedora-gcc 0.1.4 55.50 NOTE
r-devel-windows-x86_64 0.1.4 27.00 61.00 88.00 OK
r-patched-linux-x86_64 0.1.4 4.13 33.15 37.28 OK
r-release-linux-x86_64 0.1.4 2.73 32.98 35.71 OK
r-release-macos-arm64 0.1.4 22.00 NOTE
r-release-macos-x86_64 0.1.4 29.00 NOTE
r-release-windows-x86_64 0.1.4 30.00 63.00 93.00 OK
r-oldrel-macos-arm64 0.1.4 25.00 NOTE
r-oldrel-macos-x86_64 0.1.4 30.00 NOTE
r-oldrel-windows-ix86+x86_64 0.1.4 8.00 51.00 59.00 OK

Check Details

Version: 0.1.4
Check: dependencies in R code
Result: NOTE
    Namespaces in Imports field not imported from:
     ‘data.table’ ‘xtable’
     All declared Imports should be used.
Flavors: r-devel-linux-x86_64-fedora-clang, r-devel-linux-x86_64-fedora-gcc, r-release-macos-arm64, r-release-macos-x86_64, r-oldrel-macos-arm64, r-oldrel-macos-x86_64