Last updated on 2025-05-07 11:55:29 CEST.
Flavor | Version | Tinstall | Tcheck | Ttotal | Status | Flags |
---|---|---|---|---|---|---|
r-devel-linux-x86_64-debian-clang | 0.2.0 | 3.38 | 39.35 | 42.73 | NOTE | |
r-devel-linux-x86_64-debian-gcc | 0.2.0 | 2.39 | 30.03 | 32.42 | NOTE | |
r-devel-linux-x86_64-fedora-clang | 0.2.0 | 64.28 | NOTE | |||
r-devel-linux-x86_64-fedora-gcc | 0.2.0 | 74.48 | NOTE | |||
r-devel-windows-x86_64 | 0.2.0 | 5.00 | 62.00 | 67.00 | NOTE | |
r-patched-linux-x86_64 | 0.2.0 | 3.14 | 37.38 | 40.52 | NOTE | |
r-release-linux-x86_64 | 0.2.0 | 3.06 | 37.26 | 40.32 | NOTE | |
r-release-macos-arm64 | 0.2.0 | 49.00 | NOTE | |||
r-release-macos-x86_64 | 0.2.0 | 88.00 | NOTE | |||
r-release-windows-x86_64 | 0.2.0 | 6.00 | 61.00 | 67.00 | NOTE | |
r-oldrel-macos-arm64 | 0.2.0 | 38.00 | OK | |||
r-oldrel-macos-x86_64 | 0.2.0 | 62.00 | OK | |||
r-oldrel-windows-x86_64 | 0.2.0 | 6.00 | 70.00 | 76.00 | OK |
Version: 0.2.0
Check: DESCRIPTION meta-information
Result: NOTE
Missing dependency on R >= 4.1.0 because package code uses the pipe
|> or function shorthand \(...) syntax added in R 4.1.0.
File(s) using such syntax:
‘flashcard.R’ ‘list_decks.R’
Flavors: r-devel-linux-x86_64-debian-clang, r-devel-linux-x86_64-debian-gcc, r-devel-linux-x86_64-fedora-clang, r-devel-linux-x86_64-fedora-gcc, r-devel-windows-x86_64, r-patched-linux-x86_64, r-release-linux-x86_64, r-release-macos-arm64, r-release-macos-x86_64, r-release-windows-x86_64