CRAN Package Check Results for Package flashCard

Last updated on 2024-04-15 11:56:22 CEST.

Flavor Version Tinstall Tcheck Ttotal Status Flags
r-devel-linux-x86_64-debian-clang 0.1.0 2.09 32.13 34.22 NOTE
r-devel-linux-x86_64-debian-gcc 0.1.0 2.30 24.82 27.12 NOTE
r-devel-linux-x86_64-fedora-clang 0.1.0 44.46 NOTE
r-devel-linux-x86_64-fedora-gcc 0.1.0 55.15 NOTE
r-prerel-macos-arm64 0.1.0 23.00 NOTE
r-prerel-windows-x86_64 0.1.0 4.00 46.00 50.00 NOTE
r-patched-linux-x86_64 0.1.0 2.40 30.85 33.25 NOTE
r-release-linux-x86_64 0.1.0 3.04 29.02 32.06 NOTE
r-release-macos-arm64 0.1.0 26.00 NOTE
r-release-macos-x86_64 0.1.0 35.00 NOTE
r-release-windows-x86_64 0.1.0 5.00 44.00 49.00 NOTE
r-oldrel-macos-arm64 0.1.0 17.00 NOTE
r-oldrel-windows-x86_64 0.1.0 4.00 47.00 51.00 NOTE

Check Details

Version: 0.1.0
Check: LazyData
Result: NOTE 'LazyData' is specified without a 'data' directory Flavors: r-devel-linux-x86_64-debian-clang, r-devel-linux-x86_64-debian-gcc, r-devel-linux-x86_64-fedora-clang, r-devel-linux-x86_64-fedora-gcc, r-prerel-macos-arm64, r-prerel-windows-x86_64, r-patched-linux-x86_64, r-release-linux-x86_64, r-release-macos-arm64, r-release-macos-x86_64, r-release-windows-x86_64, r-oldrel-macos-arm64, r-oldrel-windows-x86_64