Last updated on 2022-06-29 11:52:09 CEST.
Flavor | Version | Tinstall | Tcheck | Ttotal | Status | Flags |
---|---|---|---|---|---|---|
r-devel-linux-x86_64-debian-clang | 0.9 | 93.35 | 70.63 | 163.98 | OK | |
r-devel-linux-x86_64-debian-gcc | 0.9 | 77.48 | 53.24 | 130.72 | OK | |
r-devel-linux-x86_64-fedora-clang | 0.9 | 236.72 | NOTE | |||
r-devel-linux-x86_64-fedora-gcc | 0.9 | 226.99 | OK | |||
r-devel-windows-x86_64 | 0.9 | 85.00 | 122.00 | 207.00 | OK | |
r-patched-linux-x86_64 | 0.9 | 84.81 | 68.36 | 153.17 | OK | |
r-release-linux-x86_64 | 0.9 | 82.44 | 68.78 | 151.22 | OK | |
r-release-macos-arm64 | 0.9 | 60.00 | NOTE | |||
r-release-macos-x86_64 | 0.9 | 73.00 | NOTE | |||
r-release-windows-x86_64 | 0.9 | 80.00 | 125.00 | 205.00 | OK | |
r-oldrel-macos-arm64 | 0.9 | 60.00 | NOTE | |||
r-oldrel-macos-x86_64 | 0.9 | 71.00 | NOTE | |||
r-oldrel-windows-ix86+x86_64 | 0.9 | 225.00 | 136.00 | 361.00 | OK |
Version: 0.9
Check: installed package size
Result: NOTE
installed size is 5.2Mb
sub-directories of 1Mb or more:
libs 4.9Mb
Flavors: r-devel-linux-x86_64-fedora-clang, r-release-macos-arm64, r-release-macos-x86_64, r-oldrel-macos-arm64, r-oldrel-macos-x86_64