Last updated on 2022-06-24 11:52:07 CEST.
Flavor | Version | Tinstall | Tcheck | Ttotal | Status | Flags |
---|---|---|---|---|---|---|
r-devel-linux-x86_64-debian-clang | 0.0.2 | 3.42 | 40.30 | 43.72 | NOTE | |
r-devel-linux-x86_64-debian-gcc | 0.0.2 | 3.24 | 31.50 | 34.74 | NOTE | |
r-devel-linux-x86_64-fedora-clang | 0.0.2 | 64.79 | NOTE | |||
r-devel-linux-x86_64-fedora-gcc | 0.0.2 | 62.62 | NOTE | |||
r-devel-windows-x86_64 | 0.0.2 | 25.00 | 75.00 | 100.00 | NOTE | |
r-patched-linux-x86_64 | 0.0.2 | 4.19 | 39.24 | 43.43 | NOTE | |
r-release-linux-x86_64 | 0.0.2 | 4.25 | 38.79 | 43.04 | NOTE | |
r-release-macos-arm64 | 0.0.2 | 23.00 | NOTE | |||
r-release-macos-x86_64 | 0.0.2 | 40.00 | NOTE | |||
r-release-windows-x86_64 | 0.0.2 | 20.00 | 73.00 | 93.00 | NOTE | |
r-oldrel-macos-arm64 | 0.0.2 | 24.00 | NOTE | |||
r-oldrel-macos-x86_64 | 0.0.2 | 38.00 | NOTE | |||
r-oldrel-windows-ix86+x86_64 | 0.0.2 | 10.00 | 59.00 | 69.00 | NOTE |
Version: 0.0.2
Check: LazyData
Result: NOTE
'LazyData' is specified without a 'data' directory
Flavors: r-devel-linux-x86_64-debian-clang, r-devel-linux-x86_64-debian-gcc, r-devel-linux-x86_64-fedora-clang, r-devel-linux-x86_64-fedora-gcc, r-devel-windows-x86_64, r-patched-linux-x86_64, r-release-linux-x86_64, r-release-macos-arm64, r-release-macos-x86_64, r-release-windows-x86_64, r-oldrel-macos-arm64, r-oldrel-macos-x86_64, r-oldrel-windows-ix86+x86_64
Version: 0.0.2
Check: dependencies in R code
Result: NOTE
Namespaces in Imports field not imported from:
‘dplyr’ ‘evaluate’ ‘ggplot2’
All declared Imports should be used.
Flavors: r-devel-linux-x86_64-fedora-clang, r-devel-linux-x86_64-fedora-gcc, r-release-macos-arm64, r-release-macos-x86_64, r-oldrel-macos-arm64, r-oldrel-macos-x86_64