CRAN Package Check Results for Package fivethirtyeight

Last updated on 2022-07-03 11:53:37 CEST.

Flavor Version Tinstall Tcheck Ttotal Status Flags
r-devel-linux-x86_64-debian-clang 0.6.2 6.66 62.73 69.39 NOTE
r-devel-linux-x86_64-debian-gcc 0.6.2 6.81 48.69 55.50 NOTE
r-devel-linux-x86_64-fedora-clang 0.6.2 98.01 NOTE
r-devel-linux-x86_64-fedora-gcc 0.6.2 96.38 NOTE
r-devel-windows-x86_64 0.6.2 350.00 118.00 468.00 NOTE
r-patched-linux-x86_64 0.6.2 8.83 60.00 68.83 NOTE
r-release-linux-x86_64 0.6.2 8.68 59.71 68.39 NOTE
r-release-macos-arm64 0.6.2 35.00 NOTE
r-release-macos-x86_64 0.6.2 51.00 NOTE
r-release-windows-x86_64 0.6.2 173.00 123.00 296.00 NOTE
r-oldrel-macos-arm64 0.6.2 56.00 NOTE
r-oldrel-macos-x86_64 0.6.2 53.00 NOTE
r-oldrel-windows-ix86+x86_64 0.6.2 16.00 91.00 107.00 NOTE

Check Details

Version: 0.6.2
Check: package dependencies
Result: NOTE
    Package suggested but not available for checking: 'fivethirtyeightdata'
Flavors: r-devel-linux-x86_64-debian-clang, r-devel-linux-x86_64-debian-gcc, r-devel-linux-x86_64-fedora-clang, r-devel-linux-x86_64-fedora-gcc, r-devel-windows-x86_64, r-patched-linux-x86_64, r-release-linux-x86_64, r-release-macos-arm64, r-release-macos-x86_64, r-release-windows-x86_64, r-oldrel-macos-arm64, r-oldrel-macos-x86_64, r-oldrel-windows-ix86+x86_64

Version: 0.6.2
Check: Rd cross-references
Result: NOTE
    Package unavailable to check Rd xrefs: 'fivethirtyeightdata'
Flavors: r-devel-linux-x86_64-debian-clang, r-devel-linux-x86_64-debian-gcc, r-devel-linux-x86_64-fedora-clang, r-devel-linux-x86_64-fedora-gcc, r-devel-windows-x86_64, r-patched-linux-x86_64, r-release-linux-x86_64, r-release-macos-arm64, r-release-macos-x86_64, r-release-windows-x86_64, r-oldrel-macos-arm64, r-oldrel-macos-x86_64, r-oldrel-windows-ix86+x86_64

Version: 0.6.2
Check: installed package size
Result: NOTE
     installed size is 5.0Mb
     sub-directories of 1Mb or more:
     data 3.8Mb
Flavors: r-devel-linux-x86_64-fedora-clang, r-devel-windows-x86_64, r-release-windows-x86_64

Version: 0.6.2
Check: data for non-ASCII characters
Result: NOTE
     Note: found 584 marked UTF-8 strings
Flavors: r-devel-linux-x86_64-fedora-clang, r-devel-linux-x86_64-fedora-gcc, r-release-macos-arm64, r-release-macos-x86_64, r-oldrel-macos-arm64, r-oldrel-macos-x86_64