CRAN Package Check Results for Package fitteR

Last updated on 2022-08-08 10:56:22 CEST.

Flavor Version Tinstall Tcheck Ttotal Status Flags
r-devel-linux-x86_64-debian-clang 0.2.0 8.15 77.96 86.11 NOTE
r-devel-linux-x86_64-debian-gcc 0.2.0 6.33 57.33 63.66 NOTE
r-devel-linux-x86_64-fedora-clang 0.2.0 120.53 NOTE
r-devel-linux-x86_64-fedora-gcc 0.2.0 109.40 NOTE
r-devel-windows-x86_64 0.2.0 14.00 100.00 114.00 OK
r-patched-linux-x86_64 0.2.0 6.49 73.76 80.25 NOTE
r-release-linux-x86_64 0.2.0 NOTE
r-release-macos-arm64 0.2.0 32.00 OK
r-release-macos-x86_64 0.2.0 56.00 NOTE
r-release-windows-x86_64 0.2.0 13.00 105.00 118.00 OK
r-oldrel-macos-arm64 0.2.0 28.00 OK
r-oldrel-macos-x86_64 0.2.0 42.00 OK
r-oldrel-windows-ix86+x86_64 0.2.0 19.00 95.00 114.00 OK

Check Details

Version: 0.2.0
Check: package dependencies
Result: NOTE
    Packages suggested but not available for checking:
     'benchden', 'reliaR', 'STAR'
Flavors: r-devel-linux-x86_64-debian-clang, r-devel-linux-x86_64-debian-gcc, r-devel-linux-x86_64-fedora-clang, r-devel-linux-x86_64-fedora-gcc, r-patched-linux-x86_64, r-release-linux-x86_64

Version: 0.2.0
Check: package dependencies
Result: NOTE
    Package suggested but not available for checking: ‘reliaR’
Flavor: r-release-macos-x86_64