CRAN Package Check Results for Package fitbitScraper

Last updated on 2022-06-27 11:50:43 CEST.

Flavor Version Tinstall Tcheck Ttotal Status Flags
r-devel-linux-x86_64-debian-clang 0.1.8 2.45 23.04 25.49 NOTE --no-vignettes
r-devel-linux-x86_64-debian-gcc 0.1.8 1.73 18.47 20.20 NOTE --no-vignettes
r-devel-linux-x86_64-fedora-clang 0.1.8 42.30 NOTE --no-vignettes
r-devel-linux-x86_64-fedora-gcc 0.1.8 41.34 NOTE --no-vignettes
r-devel-windows-x86_64 0.1.8 10.00 74.00 84.00 NOTE --no-vignettes
r-patched-linux-x86_64 0.1.8 2.37 22.62 24.99 NOTE --no-vignettes
r-release-linux-x86_64 0.1.8 1.65 23.09 24.74 NOTE --no-vignettes
r-release-macos-arm64 0.1.8 17.00 ERROR
r-release-macos-x86_64 0.1.8 28.00 ERROR
r-release-windows-x86_64 0.1.8 16.00 130.00 146.00 NOTE --no-vignettes
r-oldrel-macos-arm64 0.1.8 17.00 WARN
r-oldrel-macos-x86_64 0.1.8 28.00 WARN
r-oldrel-windows-ix86+x86_64 0.1.8 6.00 47.00 53.00 NOTE --no-vignettes

Check Details

Version: 0.1.8
Flags: --no-vignettes
Check: LazyData
Result: NOTE
     'LazyData' is specified without a 'data' directory
Flavors: r-devel-linux-x86_64-debian-clang, r-devel-linux-x86_64-debian-gcc, r-devel-linux-x86_64-fedora-clang, r-devel-linux-x86_64-fedora-gcc, r-devel-windows-x86_64, r-patched-linux-x86_64, r-release-linux-x86_64, r-release-windows-x86_64, r-oldrel-windows-ix86+x86_64

Version: 0.1.8
Check: LazyData
Result: NOTE
     'LazyData' is specified without a 'data' directory
Flavors: r-release-macos-arm64, r-release-macos-x86_64, r-oldrel-macos-arm64, r-oldrel-macos-x86_64

Version: 0.1.8
Check: re-building of vignette outputs
Result: ERROR
    Error(s) in re-building vignettes:
     ...
    --- re-building ‘fitbitScraper-examples.Rmd’ using rmarkdown
    Quitting from lines 22-24 (fitbitScraper-examples.Rmd)
    Error: processing vignette 'fitbitScraper-examples.Rmd' failed with diagnostics:
    login failed
    --- failed re-building ‘fitbitScraper-examples.Rmd’
    
    SUMMARY: processing the following file failed:
     ‘fitbitScraper-examples.Rmd’
    
    Error: Vignette re-building failed.
    Execution halted
Flavors: r-release-macos-arm64, r-release-macos-x86_64

Version: 0.1.8
Check: re-building of vignette outputs
Result: WARN
    Error(s) in re-building vignettes:
     ...
    --- re-building ‘fitbitScraper-examples.Rmd’ using rmarkdown
    Quitting from lines 22-24 (fitbitScraper-examples.Rmd)
    Error: processing vignette 'fitbitScraper-examples.Rmd' failed with diagnostics:
    login failed
    --- failed re-building ‘fitbitScraper-examples.Rmd’
    
    SUMMARY: processing the following file failed:
     ‘fitbitScraper-examples.Rmd’
    
    Error: Vignette re-building failed.
    Execution halted
Flavors: r-oldrel-macos-arm64, r-oldrel-macos-x86_64