Last updated on 2023-12-09 11:49:23 CET.
Flavor | Version | Tinstall | Tcheck | Ttotal | Status | Flags |
---|---|---|---|---|---|---|
r-devel-linux-x86_64-debian-clang | 1.5.0 | 11.21 | 180.49 | 191.70 | OK | |
r-devel-linux-x86_64-debian-gcc | 1.5.0 | 7.90 | 130.86 | 138.76 | OK | |
r-devel-linux-x86_64-fedora-clang | 1.5.0 | 233.61 | NOTE | |||
r-devel-linux-x86_64-fedora-gcc | 1.5.0 | 242.30 | OK | |||
r-devel-windows-x86_64 | 1.5.0 | 11.00 | 183.00 | 194.00 | OK | |
r-patched-linux-x86_64 | 1.5.0 | 11.65 | 179.01 | 190.66 | OK | |
r-release-linux-x86_64 | 1.5.0 | 10.34 | 176.67 | 187.01 | OK | |
r-release-macos-arm64 | 1.5.0 | 62.00 | OK | |||
r-release-macos-x86_64 | 1.5.0 | 110.00 | OK | |||
r-release-windows-x86_64 | 1.5.0 | 13.00 | 220.00 | 233.00 | OK | |
r-oldrel-macos-arm64 | 1.5.0 | 61.00 | OK | |||
r-oldrel-macos-x86_64 | 1.5.0 | 78.00 | OK | |||
r-oldrel-windows-x86_64 | 1.5.0 | 13.00 | 199.00 | 212.00 | OK |
Version: 1.5.0
Check: Rd cross-references
Result: NOTE
Undeclared package ‘extraDistr’ in Rd xrefs
Flavor: r-devel-linux-x86_64-fedora-clang