Last updated on 2022-06-27 11:50:43 CEST.
Flavor | Version | Tinstall | Tcheck | Ttotal | Status | Flags |
---|---|---|---|---|---|---|
r-devel-linux-x86_64-debian-clang | 3.5.7 | 5.09 | 34.01 | 39.10 | NOTE | |
r-devel-linux-x86_64-debian-gcc | 3.5.7 | 4.33 | 26.77 | 31.10 | NOTE | |
r-devel-linux-x86_64-fedora-clang | 3.5.7 | 57.94 | NOTE | |||
r-devel-linux-x86_64-fedora-gcc | 3.5.7 | 57.60 | NOTE | |||
r-devel-windows-x86_64 | 3.5.7 | 87.00 | 67.00 | 154.00 | NOTE | |
r-patched-linux-x86_64 | 3.5.7 | 4.95 | 32.50 | 37.45 | OK | |
r-release-linux-x86_64 | 3.5.7 | 4.25 | 32.94 | 37.19 | OK | |
r-release-macos-arm64 | 3.5.7 | 20.00 | OK | |||
r-release-macos-x86_64 | 3.5.7 | 27.00 | OK | |||
r-release-windows-x86_64 | 3.5.7 | 62.00 | 67.00 | 129.00 | OK | |
r-oldrel-macos-arm64 | 3.5.7 | 23.00 | OK | |||
r-oldrel-macos-x86_64 | 3.5.7 | 39.00 | OK | |||
r-oldrel-windows-ix86+x86_64 | 3.5.7 | 16.00 | 65.00 | 81.00 | OK |
Version: 3.5.7
Check: Rd files
Result: NOTE
checkRd: (-1) bitspec.Rd:8: Escaped LaTeX specials: \&
Flavors: r-devel-linux-x86_64-debian-clang, r-devel-linux-x86_64-debian-gcc, r-devel-linux-x86_64-fedora-clang, r-devel-linux-x86_64-fedora-gcc, r-devel-windows-x86_64