Last updated on 2023-12-07 11:49:33 CET.
Flavor | Version | Tinstall | Tcheck | Ttotal | Status | Flags |
---|---|---|---|---|---|---|
r-devel-linux-x86_64-debian-clang | 0.2.1 | 2.11 | 22.69 | 24.80 | NOTE | |
r-devel-linux-x86_64-debian-gcc | 0.2.1 | 2.00 | 18.07 | 20.07 | NOTE | |
r-devel-linux-x86_64-fedora-clang | 0.2.1 | 32.37 | NOTE | |||
r-devel-linux-x86_64-fedora-gcc | 0.2.1 | 30.36 | NOTE | |||
r-devel-windows-x86_64 | 0.2.1 | 3.00 | 41.00 | 44.00 | NOTE | |
r-patched-linux-x86_64 | 0.2.1 | 2.98 | 22.98 | 25.96 | NOTE | |
r-release-linux-x86_64 | 0.2.1 | 2.56 | 22.59 | 25.15 | NOTE | |
r-release-macos-arm64 | 0.2.1 | 16.00 | NOTE | |||
r-release-macos-x86_64 | 0.2.1 | 20.00 | NOTE | |||
r-release-windows-x86_64 | 0.2.1 | 4.00 | 40.00 | 44.00 | NOTE | |
r-oldrel-macos-arm64 | 0.2.1 | 15.00 | NOTE | |||
r-oldrel-macos-x86_64 | 0.2.1 | 21.00 | NOTE | |||
r-oldrel-windows-x86_64 | 0.2.1 | 4.00 | 41.00 | 45.00 | NOTE |
Version: 0.2.1
Check: LazyData
Result: NOTE
'LazyData' is specified without a 'data' directory
Flavors: r-devel-linux-x86_64-debian-clang, r-devel-linux-x86_64-debian-gcc, r-devel-linux-x86_64-fedora-clang, r-devel-linux-x86_64-fedora-gcc, r-devel-windows-x86_64, r-patched-linux-x86_64, r-release-linux-x86_64, r-release-macos-arm64, r-release-macos-x86_64, r-release-windows-x86_64, r-oldrel-macos-arm64, r-oldrel-macos-x86_64, r-oldrel-windows-x86_64