Last updated on 2025-02-01 12:48:26 CET.
Flavor | Version | Tinstall | Tcheck | Ttotal | Status | Flags |
---|---|---|---|---|---|---|
r-devel-linux-x86_64-debian-clang | 0.4.0 | 5.96 | 50.26 | 56.22 | OK | |
r-devel-linux-x86_64-debian-gcc | 0.4.0 | 4.64 | 37.73 | 42.37 | OK | |
r-devel-linux-x86_64-fedora-clang | 0.4.0 | 92.33 | OK | |||
r-devel-linux-x86_64-fedora-gcc | 0.4.0 | 83.95 | OK | |||
r-devel-windows-x86_64 | 0.4.0 | 9.00 | 68.00 | 77.00 | OK | |
r-patched-linux-x86_64 | 0.4.0 | 6.12 | 47.34 | 53.46 | NOTE | |
r-release-linux-x86_64 | 0.4.0 | 5.97 | 47.69 | 53.66 | NOTE | |
r-release-macos-arm64 | 0.4.0 | 28.00 | NOTE | |||
r-release-macos-x86_64 | 0.4.0 | 60.00 | NOTE | |||
r-release-windows-x86_64 | 0.4.0 | 9.00 | 68.00 | 77.00 | NOTE | |
r-oldrel-macos-arm64 | 0.4.0 | 30.00 | NOTE | |||
r-oldrel-macos-x86_64 | 0.4.0 | 42.00 | NOTE | |||
r-oldrel-windows-x86_64 | 0.4.0 | 9.00 | 72.00 | 81.00 | NOTE |
Version: 0.4.0
Check: LazyData
Result: NOTE
'LazyData' is specified without a 'data' directory
Flavors: r-patched-linux-x86_64, r-release-linux-x86_64, r-release-macos-arm64, r-release-macos-x86_64, r-release-windows-x86_64, r-oldrel-macos-arm64, r-oldrel-macos-x86_64, r-oldrel-windows-x86_64