Last updated on 2023-09-21 12:57:12 CEST.
Flavor | Version | Tinstall | Tcheck | Ttotal | Status | Flags |
---|---|---|---|---|---|---|
r-devel-linux-x86_64-debian-clang | 0.4.0 | 8.07 | 67.09 | 75.16 | NOTE | |
r-devel-linux-x86_64-debian-gcc | 0.4.0 | 6.22 | 49.88 | 56.10 | NOTE | |
r-devel-linux-x86_64-fedora-clang | 0.4.0 | 91.83 | NOTE | |||
r-devel-linux-x86_64-fedora-gcc | 0.4.0 | 86.07 | NOTE | |||
r-devel-windows-x86_64 | 0.4.0 | 8.00 | 68.00 | 76.00 | NOTE | |
r-patched-linux-x86_64 | 0.4.0 | 7.61 | 61.96 | 69.57 | NOTE | |
r-release-linux-x86_64 | 0.4.0 | 7.33 | 62.28 | 69.61 | NOTE | |
r-release-macos-arm64 | 0.4.0 | 30.00 | NOTE | |||
r-release-macos-x86_64 | 0.4.0 | 42.00 | NOTE | |||
r-release-windows-x86_64 | 0.4.0 | 10.00 | 74.00 | 84.00 | NOTE | |
r-oldrel-macos-arm64 | 0.4.0 | 26.00 | NOTE | |||
r-oldrel-macos-x86_64 | 0.4.0 | 52.00 | NOTE | |||
r-oldrel-windows-x86_64 | 0.4.0 | 11.00 | 76.00 | 87.00 | NOTE |
Version: 0.4.0
Check: LazyData
Result: NOTE
'LazyData' is specified without a 'data' directory
Flavors: r-devel-linux-x86_64-debian-clang, r-devel-linux-x86_64-debian-gcc, r-devel-linux-x86_64-fedora-clang, r-devel-linux-x86_64-fedora-gcc, r-devel-windows-x86_64, r-patched-linux-x86_64, r-release-linux-x86_64, r-release-macos-arm64, r-release-macos-x86_64, r-release-windows-x86_64, r-oldrel-macos-arm64, r-oldrel-macos-x86_64, r-oldrel-windows-x86_64