Last updated on 2024-04-18 12:52:44 CEST.
Flavor | Version | Tinstall | Tcheck | Ttotal | Status | Flags |
---|---|---|---|---|---|---|
r-devel-linux-x86_64-debian-clang | 0.2.1 | 40.11 | 94.04 | 134.15 | OK | |
r-devel-linux-x86_64-debian-gcc | 0.2.1 | 30.39 | 78.43 | 108.82 | OK | |
r-devel-linux-x86_64-fedora-clang | 0.2.1 | 194.46 | OK | |||
r-devel-linux-x86_64-fedora-gcc | 0.2.1 | 226.44 | OK | |||
r-prerel-macos-arm64 | 0.2.1 | 83.00 | NOTE | |||
r-prerel-macos-x86_64 | 0.2.1 | 216.00 | NOTE | |||
r-prerel-windows-x86_64 | 0.2.1 | 32.00 | 109.00 | 141.00 | OK | |
r-patched-linux-x86_64 | 0.2.1 | 45.51 | 97.75 | 143.26 | OK | |
r-release-linux-x86_64 | 0.2.1 | 43.35 | 97.49 | 140.84 | OK | |
r-release-macos-arm64 | 0.2.1 | 88.00 | NOTE | |||
r-release-macos-x86_64 | 0.2.1 | 191.00 | NOTE | |||
r-release-windows-x86_64 | 0.2.1 | 41.00 | 127.00 | 168.00 | OK | |
r-oldrel-macos-arm64 | 0.2.1 | 81.00 | NOTE | |||
r-oldrel-windows-x86_64 | 0.2.1 | 37.00 | 126.00 | 163.00 | OK |
Version: 0.2.1
Check: installed package size
Result: NOTE
installed size is 8.4Mb
sub-directories of 1Mb or more:
doc 1.1Mb
libs 7.1Mb
Flavors: r-prerel-macos-arm64, r-prerel-macos-x86_64, r-release-macos-arm64, r-release-macos-x86_64, r-oldrel-macos-arm64