CRAN Package Check Results for Package filterNHP

Last updated on 2024-03-03 11:54:33 CET.

Flavor Version Tinstall Tcheck Ttotal Status Flags
r-devel-linux-x86_64-debian-clang 0.1.2 5.92 42.76 48.68 OK
r-devel-linux-x86_64-debian-gcc 0.1.2 5.60 33.12 38.72 OK
r-devel-linux-x86_64-fedora-clang 0.1.2 61.10 NOTE
r-devel-linux-x86_64-fedora-gcc 0.1.2 58.63 NOTE
r-devel-windows-x86_64 0.1.2 8.00 52.00 60.00 OK
r-patched-linux-x86_64 0.1.2 6.50 42.00 48.50 OK
r-release-linux-x86_64 0.1.2 4.51 41.77 46.28 OK
r-release-macos-arm64 0.1.2 26.00 OK
r-release-macos-x86_64 0.1.2 34.00 OK
r-release-windows-x86_64 0.1.2 11.00 58.00 69.00 OK
r-oldrel-macos-arm64 0.1.2 23.00 NOTE
r-oldrel-windows-x86_64 0.1.2 11.00 63.00 74.00 OK

Check Details

Version: 0.1.2
Check: dependencies in R code
Result: NOTE Namespaces in Imports field not imported from: ‘rclipboard’ ‘shinyBS’ ‘shinyWidgets’ ‘shinyjs’ All declared Imports should be used. Flavors: r-devel-linux-x86_64-fedora-clang, r-devel-linux-x86_64-fedora-gcc, r-oldrel-macos-arm64