CRAN Package Check Results for Package filterNHP

Last updated on 2022-07-02 12:53:03 CEST.

Flavor Version Tinstall Tcheck Ttotal Status Flags
r-devel-linux-x86_64-debian-clang 0.1.2 5.61 42.66 48.27 OK
r-devel-linux-x86_64-debian-gcc 0.1.2 4.50 32.75 37.25 OK
r-devel-linux-x86_64-fedora-clang 0.1.2 68.35 NOTE
r-devel-linux-x86_64-fedora-gcc 0.1.2 67.62 NOTE
r-devel-windows-x86_64 0.1.2 82.00 66.00 148.00 OK
r-patched-linux-x86_64 0.1.2 6.28 40.47 46.75 OK
r-release-linux-x86_64 0.1.2 5.32 40.35 45.67 OK
r-release-macos-arm64 0.1.2 23.00 NOTE
r-release-macos-x86_64 0.1.2 49.00 NOTE
r-release-windows-x86_64 0.1.2 59.00 68.00 127.00 OK
r-oldrel-macos-arm64 0.1.2 24.00 NOTE
r-oldrel-macos-x86_64 0.1.2 31.00 NOTE
r-oldrel-windows-ix86+x86_64 0.1.2 15.00 62.00 77.00 OK

Check Details

Version: 0.1.2
Check: dependencies in R code
Result: NOTE
    Namespaces in Imports field not imported from:
     ‘rclipboard’ ‘shinyBS’ ‘shinyWidgets’ ‘shinyjs’
     All declared Imports should be used.
Flavors: r-devel-linux-x86_64-fedora-clang, r-devel-linux-x86_64-fedora-gcc, r-release-macos-arm64, r-release-macos-x86_64, r-oldrel-macos-arm64, r-oldrel-macos-x86_64