CRAN Package Check Results for Package fhircrackr

Last updated on 2022-06-30 11:53:07 CEST.

Flavor Version Tinstall Tcheck Ttotal Status Flags
r-devel-linux-x86_64-debian-clang 1.0.1 6.66 61.38 68.04 OK
r-devel-linux-x86_64-debian-gcc 1.0.1 5.86 45.57 51.43 OK
r-devel-linux-x86_64-fedora-clang 1.0.1 93.01 NOTE
r-devel-linux-x86_64-fedora-gcc 1.0.1 89.69 NOTE
r-devel-windows-x86_64 1.0.1 95.00 93.00 188.00 OK
r-patched-linux-x86_64 1.0.1 7.49 58.22 65.71 OK
r-release-linux-x86_64 1.0.1 7.36 58.44 65.80 OK
r-release-macos-arm64 1.0.1 30.00 NOTE
r-release-macos-x86_64 1.0.1 51.00 NOTE
r-release-windows-x86_64 1.0.1 95.00 104.00 199.00 OK
r-oldrel-macos-arm64 1.0.1 34.00 NOTE
r-oldrel-macos-x86_64 1.0.1 44.00 NOTE
r-oldrel-windows-ix86+x86_64 1.0.1 17.00 83.00 100.00 OK

Check Details

Version: 1.0.1
Check: dependencies in R code
Result: NOTE
    Namespace in Imports field not imported from: ‘plyr’
     All declared Imports should be used.
Flavors: r-devel-linux-x86_64-fedora-clang, r-devel-linux-x86_64-fedora-gcc, r-release-macos-arm64, r-release-macos-x86_64, r-oldrel-macos-arm64, r-oldrel-macos-x86_64