Last updated on 2023-12-07 11:49:33 CET.
Flavor | Version | Tinstall | Tcheck | Ttotal | Status | Flags |
---|---|---|---|---|---|---|
r-devel-linux-x86_64-debian-clang | 1.0 | 13.86 | 106.64 | 120.50 | NOTE | |
r-devel-linux-x86_64-debian-gcc | 1.0 | 10.60 | 78.52 | 89.12 | NOTE | |
r-devel-linux-x86_64-fedora-clang | 1.0 | 142.78 | NOTE | |||
r-devel-linux-x86_64-fedora-gcc | 1.0 | 135.78 | NOTE | |||
r-devel-windows-x86_64 | 1.0 | 13.00 | 94.00 | 107.00 | NOTE | |
r-patched-linux-x86_64 | 1.0 | 11.15 | 100.67 | 111.82 | NOTE | |
r-release-linux-x86_64 | 1.0 | 8.05 | 99.38 | 107.43 | NOTE | |
r-release-macos-arm64 | 1.0 | 43.00 | NOTE | |||
r-release-macos-x86_64 | 1.0 | 68.00 | NOTE | |||
r-release-windows-x86_64 | 1.0 | 16.00 | 110.00 | 126.00 | NOTE | |
r-oldrel-macos-arm64 | 1.0 | 43.00 | NOTE | |||
r-oldrel-macos-x86_64 | 1.0 | 73.00 | NOTE | |||
r-oldrel-windows-x86_64 | 1.0 | 16.00 | 111.00 | 127.00 | NOTE |
Version: 1.0
Check: LazyData
Result: NOTE
'LazyData' is specified without a 'data' directory
Flavors: r-devel-linux-x86_64-debian-clang, r-devel-linux-x86_64-debian-gcc, r-devel-linux-x86_64-fedora-clang, r-devel-linux-x86_64-fedora-gcc, r-devel-windows-x86_64, r-patched-linux-x86_64, r-release-linux-x86_64, r-release-macos-arm64, r-release-macos-x86_64, r-release-windows-x86_64, r-oldrel-macos-arm64, r-oldrel-macos-x86_64, r-oldrel-windows-x86_64