Last updated on 2022-08-11 12:55:31 CEST.
Flavor | Version | Tinstall | Tcheck | Ttotal | Status | Flags |
---|---|---|---|---|---|---|
r-devel-linux-x86_64-debian-clang | 4.0.7 | 45.29 | 114.78 | 160.07 | NOTE | |
r-devel-linux-x86_64-debian-gcc | 4.0.7 | 39.62 | 85.55 | 125.17 | NOTE | |
r-devel-linux-x86_64-fedora-clang | 4.0.7 | 203.59 | NOTE | |||
r-devel-linux-x86_64-fedora-gcc | 4.0.7 | 201.74 | NOTE | |||
r-devel-windows-x86_64 | 4.0.7 | 109.00 | 164.00 | 273.00 | NOTE | |
r-patched-linux-x86_64 | 4.0.7 | 48.66 | 107.15 | 155.81 | OK | |
r-release-linux-x86_64 | 4.0.7 | OK | ||||
r-release-macos-arm64 | 4.0.7 | 53.00 | OK | |||
r-release-macos-x86_64 | 4.0.7 | 80.00 | OK | |||
r-release-windows-x86_64 | 4.0.7 | 103.00 | 157.00 | 260.00 | OK | |
r-oldrel-macos-arm64 | 4.0.7 | 51.00 | OK | |||
r-oldrel-macos-x86_64 | 4.0.7 | 75.00 | OK | |||
r-oldrel-windows-ix86+x86_64 | 4.0.7 | 112.00 | 174.00 | 286.00 | OK |
Version: 4.0.7
Check: Rd files
Result: NOTE
checkRd: (-1) dimnames.ff.rd:18: Escaped LaTeX specials: \_
checkRd: (-1) ff.rd:120: Escaped LaTeX specials: \_
checkRd: (-1) names.ff.rd:22: Escaped LaTeX specials: \_
Flavors: r-devel-linux-x86_64-debian-clang, r-devel-linux-x86_64-debian-gcc, r-devel-linux-x86_64-fedora-clang, r-devel-linux-x86_64-fedora-gcc, r-devel-windows-x86_64