CRAN Package Check Results for Package felp

Last updated on 2022-06-27 11:50:43 CEST.

Flavor Version Tinstall Tcheck Ttotal Status Flags
r-devel-linux-x86_64-debian-clang 0.2.3 2.21 34.94 37.15 NOTE
r-devel-linux-x86_64-debian-gcc 0.2.3 1.20 26.69 27.89 NOTE
r-devel-linux-x86_64-fedora-clang 0.2.3 54.69 NOTE
r-devel-linux-x86_64-fedora-gcc 0.2.3 52.86 NOTE
r-devel-windows-x86_64 0.2.3 14.00 61.00 75.00 NOTE
r-patched-linux-x86_64 0.2.3 2.21 32.87 35.08 NOTE
r-release-linux-x86_64 0.2.3 2.01 33.39 35.40 NOTE
r-release-macos-arm64 0.2.3 19.00 NOTE
r-release-macos-x86_64 0.2.3 27.00 NOTE
r-release-windows-x86_64 0.2.3 11.00 61.00 72.00 NOTE
r-oldrel-macos-arm64 0.2.3 24.00 NOTE
r-oldrel-macos-x86_64 0.2.3 32.00 NOTE
r-oldrel-windows-ix86+x86_64 0.2.3 5.00 55.00 60.00 NOTE

Check Details

Version: 0.2.3
Check: LazyData
Result: NOTE
     'LazyData' is specified without a 'data' directory
Flavors: r-devel-linux-x86_64-debian-clang, r-devel-linux-x86_64-debian-gcc, r-devel-linux-x86_64-fedora-clang, r-devel-linux-x86_64-fedora-gcc, r-devel-windows-x86_64, r-patched-linux-x86_64, r-release-linux-x86_64, r-release-macos-arm64, r-release-macos-x86_64, r-release-windows-x86_64, r-oldrel-macos-arm64, r-oldrel-macos-x86_64, r-oldrel-windows-ix86+x86_64

Version: 0.2.3
Check: dependencies in R code
Result: NOTE
    Namespaces in Imports field not imported from:
     ‘curl’ ‘prettycode’
     All declared Imports should be used.
Flavors: r-devel-linux-x86_64-fedora-clang, r-devel-linux-x86_64-fedora-gcc, r-release-macos-arm64, r-release-macos-x86_64, r-oldrel-macos-arm64, r-oldrel-macos-x86_64