CRAN Package Check Results for Package fedregs

Last updated on 2022-07-04 12:54:09 CEST.

Flavor Version Tinstall Tcheck Ttotal Status Flags
r-devel-linux-x86_64-debian-clang 1.0.0 4.48 59.16 63.64 NOTE
r-devel-linux-x86_64-debian-gcc 1.0.0 4.38 44.24 48.62 NOTE
r-devel-linux-x86_64-fedora-clang 1.0.0 87.44 NOTE
r-devel-linux-x86_64-fedora-gcc 1.0.0 83.88 NOTE
r-devel-windows-x86_64 1.0.0 10.00 97.00 107.00 NOTE
r-patched-linux-x86_64 1.0.0 4.43 56.01 60.44 NOTE
r-release-linux-x86_64 1.0.0 4.81 56.08 60.89 NOTE
r-release-macos-arm64 1.0.0 51.00 NOTE
r-release-macos-x86_64 1.0.0 77.00 NOTE
r-release-windows-x86_64 1.0.0 13.00 98.00 111.00 NOTE
r-oldrel-macos-arm64 1.0.0 56.00 NOTE
r-oldrel-macos-x86_64 1.0.0 63.00 NOTE
r-oldrel-windows-ix86+x86_64 1.0.0 14.00 86.00 100.00 NOTE

Check Details

Version: 1.0.0
Check: LazyData
Result: NOTE
     'LazyData' is specified without a 'data' directory
Flavors: r-devel-linux-x86_64-debian-clang, r-devel-linux-x86_64-debian-gcc, r-devel-linux-x86_64-fedora-clang, r-devel-linux-x86_64-fedora-gcc, r-devel-windows-x86_64, r-patched-linux-x86_64, r-release-linux-x86_64, r-release-macos-arm64, r-release-macos-x86_64, r-release-windows-x86_64, r-oldrel-macos-arm64, r-oldrel-macos-x86_64, r-oldrel-windows-ix86+x86_64

Version: 1.0.0
Check: dependencies in R code
Result: NOTE
    Namespaces in Imports field not imported from:
     ‘rvest’ ‘stringi’
     All declared Imports should be used.
Flavors: r-devel-linux-x86_64-fedora-clang, r-devel-linux-x86_64-fedora-gcc, r-release-macos-arm64, r-release-macos-x86_64, r-oldrel-macos-arm64, r-oldrel-macos-x86_64