Last updated on 2022-06-25 10:53:03 CEST.
Flavor | Version | Tinstall | Tcheck | Ttotal | Status | Flags |
---|---|---|---|---|---|---|
r-devel-linux-x86_64-debian-clang | 0.1.3 | 6.47 | 66.86 | 73.33 | OK | |
r-devel-linux-x86_64-debian-gcc | 0.1.3 | 5.58 | 49.95 | 55.53 | OK | |
r-devel-linux-x86_64-fedora-clang | 0.1.3 | 96.48 | NOTE | |||
r-devel-linux-x86_64-fedora-gcc | 0.1.3 | 96.36 | NOTE | |||
r-devel-windows-x86_64 | 0.1.3 | 25.00 | 92.00 | 117.00 | OK | |
r-patched-linux-x86_64 | 0.1.3 | 7.22 | 62.89 | 70.11 | OK | |
r-release-linux-x86_64 | 0.1.3 | 7.57 | 62.32 | 69.89 | OK | |
r-release-macos-arm64 | 0.1.3 | 33.00 | NOTE | |||
r-release-macos-x86_64 | 0.1.3 | 71.00 | NOTE | |||
r-release-windows-x86_64 | 0.1.3 | 29.00 | 91.00 | 120.00 | OK | |
r-oldrel-macos-arm64 | 0.1.3 | 34.00 | NOTE | |||
r-oldrel-macos-x86_64 | 0.1.3 | 56.00 | NOTE | |||
r-oldrel-windows-ix86+x86_64 | 0.1.3 | 18.00 | 83.00 | 101.00 | OK |
Version: 0.1.3
Check: data for non-ASCII characters
Result: NOTE
Note: found 20 marked UTF-8 strings
Flavors: r-devel-linux-x86_64-fedora-clang, r-devel-linux-x86_64-fedora-gcc, r-release-macos-arm64, r-release-macos-x86_64, r-oldrel-macos-arm64, r-oldrel-macos-x86_64