Last updated on 2023-12-06 11:52:24 CET.
Flavor | Version | Tinstall | Tcheck | Ttotal | Status | Flags |
---|---|---|---|---|---|---|
r-devel-linux-x86_64-debian-clang | 0.3.1 | 12.69 | 163.98 | 176.67 | OK | |
r-devel-linux-x86_64-debian-gcc | 0.3.1 | 9.49 | 121.80 | 131.29 | OK | |
r-devel-linux-x86_64-fedora-clang | 0.3.1 | 211.70 | OK | |||
r-devel-linux-x86_64-fedora-gcc | 0.3.1 | 220.79 | OK | |||
r-devel-windows-x86_64 | 0.3.1 | 11.00 | 136.00 | 147.00 | OK | |
r-patched-linux-x86_64 | 0.3.1 | 8.48 | 157.74 | 166.22 | OK | |
r-release-linux-x86_64 | 0.3.1 | 7.64 | 159.81 | 167.45 | OK | |
r-release-macos-arm64 | 0.3.1 | 63.00 | OK | |||
r-release-macos-x86_64 | 0.3.1 | 102.00 | NOTE | |||
r-release-windows-x86_64 | 0.3.1 | 16.00 | 166.00 | 182.00 | OK | |
r-oldrel-macos-arm64 | 0.3.1 | 51.00 | OK | |||
r-oldrel-macos-x86_64 | 0.3.1 | 79.00 | OK | |||
r-oldrel-windows-x86_64 | 0.3.1 | 15.00 | 176.00 | 191.00 | OK |
Version: 0.3.1
Check: package dependencies
Result: NOTE
Package suggested but not available for checking: ‘fable’
Flavor: r-release-macos-x86_64