CRAN Package Check Results for Package fdrci

Last updated on 2022-07-05 11:49:53 CEST.

Flavor Version Tinstall Tcheck Ttotal Status Flags
r-devel-linux-x86_64-debian-clang 2.3 4.84 1085.28 1090.12 OK
r-devel-linux-x86_64-debian-gcc 2.3 3.60 767.47 771.07 OK
r-devel-linux-x86_64-fedora-clang 2.3 1222.22 OK
r-devel-linux-x86_64-fedora-gcc 2.3 1232.15 OK
r-devel-windows-x86_64 2.3 14.00 1200.00 1214.00 OK
r-patched-linux-x86_64 2.3 5.10 972.66 977.76 OK
r-release-linux-x86_64 2.3 4.72 965.85 970.57 OK
r-release-macos-arm64 2.3 529.00 OK
r-release-macos-x86_64 2.3 540.00 OK
r-release-windows-x86_64 2.3 17.00 1149.00 1166.00 OK
r-oldrel-macos-arm64 2.3 44.00 WARN
r-oldrel-macos-x86_64 2.3 52.00 WARN
r-oldrel-windows-ix86+x86_64 2.3 16.00 1145.00 1161.00 OK

Check Details

Version: 2.3
Check: re-building of vignette outputs
Result: WARN
    Error(s) in re-building vignettes:
     ...
    --- re-building ‘BY_vignette.Rmd’ using rmarkdown
    trying URL 'https://ftp.ncbi.nlm.nih.gov/geo/series/GSE132nnn/GSE132342/matrix/GSE132342_series_matrix.txt.gz'
    Content type 'application/x-gzip' length 10912941 bytes (10.4 MB)
    ==================================================
    downloaded 10.4 MB
    
    Quitting from lines 59-86 (BY_vignette.Rmd)
    Error: processing vignette 'BY_vignette.Rmd' failed with diagnostics:
    The size of the connection buffer (131072) was not large enough
    to fit a complete line:
     * Increase it by setting `Sys.setenv("VROOM_CONNECTION_SIZE")`
    --- failed re-building ‘BY_vignette.Rmd’
    
    SUMMARY: processing the following file failed:
     ‘BY_vignette.Rmd’
    
    Error: Vignette re-building failed.
    Execution halted
Flavors: r-oldrel-macos-arm64, r-oldrel-macos-x86_64