Last updated on 2024-04-19 11:56:45 CEST.
Flavor | Version | Tinstall | Tcheck | Ttotal | Status | Flags |
---|---|---|---|---|---|---|
r-devel-linux-x86_64-debian-clang | 2.4 | 4.81 | 59.00 | 63.81 | OK | |
r-devel-linux-x86_64-debian-gcc | 2.4 | OK | ||||
r-devel-linux-x86_64-fedora-clang | 2.4 | 80.27 | OK | |||
r-devel-linux-x86_64-fedora-gcc | 2.4 | 95.19 | OK | |||
r-prerel-macos-arm64 | 2.4 | 33.00 | OK | |||
r-prerel-windows-x86_64 | 2.4 | 8.00 | 65.00 | 73.00 | OK | |
r-patched-linux-x86_64 | 2.4 | 5.83 | 56.23 | 62.06 | OK | |
r-release-linux-x86_64 | 2.4 | 5.84 | 55.63 | 61.47 | OK | |
r-release-macos-arm64 | 2.4 | 37.00 | NOTE | |||
r-release-macos-x86_64 | 2.4 | 48.00 | OK | |||
r-release-windows-x86_64 | 2.4 | 8.00 | 67.00 | 75.00 | OK | |
r-oldrel-macos-arm64 | 2.4 | 30.00 | OK | |||
r-oldrel-windows-x86_64 | 2.4 | 7.00 | 72.00 | 79.00 | OK |
Version: 2.4
Check: package dependencies
Result: NOTE
Package suggested but not available for checking: ‘GEOquery’
Flavor: r-release-macos-arm64