Last updated on 2023-09-23 11:50:16 CEST.
Flavor | Version | Tinstall | Tcheck | Ttotal | Status | Flags |
---|---|---|---|---|---|---|
r-devel-linux-x86_64-debian-clang | 2.0.2 | 103.83 | 176.65 | 280.48 | OK | |
r-devel-linux-x86_64-debian-gcc | 2.0.2 | 73.56 | 130.88 | 204.44 | OK | |
r-devel-linux-x86_64-fedora-clang | 2.0.2 | 363.30 | OK | |||
r-devel-linux-x86_64-fedora-gcc | 2.0.2 | 361.37 | OK | |||
r-devel-windows-x86_64 | 2.0.2 | 73.00 | 173.00 | 246.00 | OK | |
r-patched-linux-x86_64 | 2.0.2 | 90.05 | 175.62 | 265.67 | OK | |
r-release-linux-x86_64 | 2.0.2 | 70.55 | 174.66 | 245.21 | OK | |
r-release-macos-arm64 | 2.0.2 | 91.00 | NOTE | |||
r-release-macos-x86_64 | 2.0.2 | 163.00 | NOTE | |||
r-release-windows-x86_64 | 2.0.2 | 98.00 | 199.00 | 297.00 | OK | |
r-oldrel-macos-arm64 | 2.0.2 | 85.00 | NOTE | |||
r-oldrel-macos-x86_64 | 2.0.2 | 117.00 | NOTE | |||
r-oldrel-windows-x86_64 | 2.0.2 | 93.00 | 186.00 | 279.00 | OK |
Version: 2.0.2
Check: installed package size
Result: NOTE
installed size is 6.2Mb
sub-directories of 1Mb or more:
data 2.3Mb
libs 3.3Mb
Flavors: r-release-macos-arm64, r-release-macos-x86_64, r-oldrel-macos-arm64, r-oldrel-macos-x86_64