Last updated on 2024-03-28 09:51:42 CET.
Flavor | Version | Tinstall | Tcheck | Ttotal | Status | Flags |
---|---|---|---|---|---|---|
r-devel-linux-x86_64-debian-clang | 0.1.2 | 3.72 | 53.96 | 57.68 | NOTE | |
r-devel-linux-x86_64-debian-gcc | 0.1.2 | 3.33 | 39.78 | 43.11 | NOTE | |
r-devel-linux-x86_64-fedora-clang | 0.1.2 | 71.87 | NOTE | |||
r-devel-linux-x86_64-fedora-gcc | 0.1.2 | 70.05 | NOTE | |||
r-devel-windows-x86_64 | 0.1.2 | 5.00 | 62.00 | 67.00 | NOTE | |
r-patched-linux-x86_64 | 0.1.2 | 3.00 | 54.18 | 57.18 | NOTE | |
r-release-linux-x86_64 | 0.1.2 | 3.48 | 52.86 | 56.34 | NOTE | |
r-release-macos-arm64 | 0.1.2 | 25.00 | NOTE | |||
r-release-macos-x86_64 | 0.1.2 | 59.00 | NOTE | |||
r-release-windows-x86_64 | 0.1.2 | 6.00 | 72.00 | 78.00 | NOTE | |
r-oldrel-macos-arm64 | 0.1.2 | 33.00 | NOTE | |||
r-oldrel-windows-x86_64 | 0.1.2 | 6.00 | 80.00 | 86.00 | NOTE |
Version: 0.1.2
Check: dependencies in R code
Result: NOTE
Unexported object imported by a ':::' call: ‘fdapace:::interp2lin’
See the note in ?`:::` about the use of this operator.
Flavors: r-devel-linux-x86_64-debian-clang, r-devel-linux-x86_64-debian-gcc, r-devel-linux-x86_64-fedora-clang, r-devel-linux-x86_64-fedora-gcc, r-devel-windows-x86_64, r-patched-linux-x86_64, r-release-linux-x86_64, r-release-macos-arm64, r-release-macos-x86_64, r-release-windows-x86_64, r-oldrel-macos-arm64, r-oldrel-windows-x86_64