CRAN Package Check Results for Package fdacluster

Last updated on 2023-02-02 11:54:00 CET.

Flavor Version Tinstall Tcheck Ttotal Status Flags
r-devel-linux-x86_64-debian-clang 0.1.1 221.60 110.49 332.09 NOTE
r-devel-linux-x86_64-debian-gcc 0.1.1 162.71 84.22 246.93 NOTE
r-devel-linux-x86_64-fedora-clang 0.1.1 503.81 NOTE
r-devel-linux-x86_64-fedora-gcc 0.1.1 471.06 NOTE
r-patched-linux-x86_64 0.1.1 184.31 123.42 307.73 OK
r-release-linux-x86_64 0.1.1 152.71 101.89 254.60 OK
r-release-macos-arm64 0.1.1 103.00 NOTE
r-release-macos-x86_64 0.1.1 151.00 NOTE
r-release-windows-x86_64 0.1.1 186.00 172.00 358.00 OK
r-oldrel-macos-arm64 0.1.1 128.00 NOTE
r-oldrel-macos-x86_64 0.1.1 145.00 NOTE
r-oldrel-windows-ix86+x86_64 0.1.1 559.00 268.00 827.00 NOTE

Check Details

Version: 0.1.1
Check: C++ specification
Result: NOTE
     Specified C++11: please update to current default of C++17
Flavors: r-devel-linux-x86_64-debian-clang, r-devel-linux-x86_64-debian-gcc, r-devel-linux-x86_64-fedora-clang, r-devel-linux-x86_64-fedora-gcc

Version: 0.1.1
Check: installed package size
Result: NOTE
     installed size is 9.7Mb
     sub-directories of 1Mb or more:
     data 2.7Mb
     libs 6.7Mb
Flavors: r-release-macos-arm64, r-release-macos-x86_64, r-oldrel-macos-arm64, r-oldrel-macos-x86_64, r-oldrel-windows-ix86+x86_64