Last updated on 2024-04-20 11:50:12 CEST.
Flavor | Version | Tinstall | Tcheck | Ttotal | Status | Flags |
---|---|---|---|---|---|---|
r-devel-linux-x86_64-debian-clang | 1.6.1 | 5.49 | 62.29 | 67.78 | NOTE | |
r-devel-linux-x86_64-debian-gcc | 1.6.1 | 3.48 | 45.90 | 49.38 | NOTE | |
r-devel-linux-x86_64-fedora-clang | 1.6.1 | 81.83 | NOTE | |||
r-devel-linux-x86_64-fedora-gcc | 1.6.1 | 79.70 | NOTE | |||
r-prerel-macos-arm64 | 1.6.1 | 27.00 | OK | |||
r-prerel-windows-x86_64 | 1.6.1 | 8.00 | 72.00 | 80.00 | OK | |
r-patched-linux-x86_64 | 1.6.1 | 5.57 | 58.89 | 64.46 | NOTE | |
r-release-linux-x86_64 | 1.6.1 | 5.43 | 64.13 | 69.56 | NOTE | |
r-release-macos-arm64 | 1.6.1 | 29.00 | OK | |||
r-release-macos-x86_64 | 1.6.1 | 46.00 | OK | |||
r-release-windows-x86_64 | 1.6.1 | 10.00 | 84.00 | 94.00 | OK | |
r-oldrel-macos-arm64 | 1.6.1 | 30.00 | OK | |||
r-oldrel-windows-x86_64 | 1.6.1 | 15.00 | 94.00 | 109.00 | OK |
Version: 1.6.1
Check: for non-standard things in the check directory
Result: NOTE
Found the following files/directories:
‘test2delete.txt’ ‘test2delete2_values.txt’ ‘test2delete_values.txt’
Flavors: r-devel-linux-x86_64-debian-clang, r-devel-linux-x86_64-debian-gcc, r-devel-linux-x86_64-fedora-clang, r-devel-linux-x86_64-fedora-gcc, r-patched-linux-x86_64, r-release-linux-x86_64