Last updated on 2024-04-24 11:20:50 CEST.
Flavor | Version | Tinstall | Tcheck | Ttotal | Status | Flags |
---|---|---|---|---|---|---|
r-devel-linux-x86_64-debian-clang | 1.0 | 11.29 | 104.57 | 115.86 | NOTE | |
r-devel-linux-x86_64-debian-gcc | 1.0 | 6.34 | 76.44 | 82.78 | NOTE | |
r-devel-linux-x86_64-fedora-clang | 1.0 | 139.89 | NOTE | |||
r-devel-linux-x86_64-fedora-gcc | 1.0 | 146.18 | NOTE | |||
r-devel-windows-x86_64 | 1.0 | 9.00 | 88.00 | 97.00 | NOTE | |
r-patched-linux-x86_64 | 1.0 | 11.15 | 98.52 | 109.67 | NOTE | |
r-release-linux-x86_64 | 1.0 | 9.82 | 96.83 | 106.65 | OK | |
r-release-macos-arm64 | 1.0 | 56.00 | OK | |||
r-release-windows-x86_64 | 1.0 | 11.00 | 84.00 | 95.00 | NOTE | |
r-oldrel-macos-arm64 | 1.0 | 55.00 | OK | |||
r-oldrel-macos-x86_64 | 1.0 | 92.00 | OK | |||
r-oldrel-windows-x86_64 | 1.0 | 13.00 | 111.00 | 124.00 | OK |
Version: 1.0
Check: Rd files
Result: NOTE
checkRd: (-1) fcr-package.Rd:15: Lost braces; missing escapes or markup?
15 | Let $y_{ij}$ denote some outcome measured at
| ^
checkRd: (-1) fcr-package.Rd:16: Lost braces; missing escapes or markup?
16 | $t_{ij}$ on the functional domain (e.g. time) for subject $i$ at observation
| ^
checkRd: (-1) fcr-package.Rd:29: Lost braces; missing escapes or markup?
29 | Initially, a model is fit without $b_i(t_{ij})$. Using the residuals from this initial fit,
| ^
checkRd: (-1) fcr.Rd:13: Lost braces; missing escapes or markup?
13 | The formula should only include terms not associated with the random function intercept b_i(t_{ij}). See Examples.}
| ^
Flavors: r-devel-linux-x86_64-debian-clang, r-devel-linux-x86_64-debian-gcc, r-devel-linux-x86_64-fedora-clang, r-devel-linux-x86_64-fedora-gcc, r-devel-windows-x86_64, r-patched-linux-x86_64, r-release-windows-x86_64