CRAN Package Check Results for Package fauxpas

Last updated on 2024-06-13 10:48:54 CEST.

Flavor Version Tinstall Tcheck Ttotal Status Flags
r-devel-linux-x86_64-debian-clang 0.5.2 70.61 56.83 127.44 NOTE
r-devel-linux-x86_64-debian-gcc 0.5.2 52.89 34.77 87.66 ERROR
r-devel-linux-x86_64-fedora-clang 0.5.2 180.04 NOTE
r-devel-linux-x86_64-fedora-gcc 0.5.2 170.73 NOTE
r-devel-windows-x86_64 0.5.2 50.00 61.00 111.00 NOTE
r-patched-linux-x86_64 0.5.2 67.13 54.49 121.62 NOTE
r-release-linux-x86_64 0.5.2 74.32 54.75 129.07 NOTE
r-release-macos-arm64 0.5.2 51.00 NOTE
r-release-macos-x86_64 0.5.2 76.00 NOTE
r-release-windows-x86_64 0.5.2 49.00 69.00 118.00 NOTE
r-oldrel-macos-arm64 0.5.2 48.00 OK
r-oldrel-macos-x86_64 0.5.2 143.00 OK
r-oldrel-windows-x86_64 0.5.2 46.00 67.00 113.00 OK

Check Details

Version: 0.5.2
Check: Rd files
Result: NOTE checkRd: (-1) Error-Classes.Rd:107-119: Lost braces 107 | \item \code{do_verbose(response, template)} { | ^ checkRd: (-1) Error.Rd:33-45: Lost braces 33 | \item \code{do(response, mssg)} { | ^ Flavors: r-devel-linux-x86_64-debian-clang, r-devel-linux-x86_64-debian-gcc, r-devel-linux-x86_64-fedora-clang, r-devel-linux-x86_64-fedora-gcc, r-devel-windows-x86_64, r-patched-linux-x86_64, r-release-linux-x86_64, r-release-macos-arm64, r-release-macos-x86_64, r-release-windows-x86_64

Version: 0.5.2
Check: package dependencies
Result: NOTE Package suggested but not available for checking: ‘testthat’ Flavor: r-devel-linux-x86_64-debian-gcc

Version: 0.5.2
Check: tests
Result: ERROR Running ‘test-all.R’ [0s/1s] Running the tests in ‘tests/test-all.R’ failed. Complete output: > library("testthat") Error in library("testthat") : there is no package called 'testthat' Execution halted Flavor: r-devel-linux-x86_64-debian-gcc