Last updated on 2023-01-28 12:56:11 CET.
Flavor | Version | Tinstall | Tcheck | Ttotal | Status | Flags |
---|---|---|---|---|---|---|
r-devel-linux-x86_64-debian-clang | 0.7 | 6.32 | 64.54 | 70.86 | OK | |
r-devel-linux-x86_64-debian-gcc | 0.7 | 5.13 | 48.45 | 53.58 | OK | |
r-devel-linux-x86_64-fedora-clang | 0.7 | 87.43 | NOTE | |||
r-devel-linux-x86_64-fedora-gcc | 0.7 | 95.67 | NOTE | |||
r-devel-windows-x86_64 | 0.7 | 31.00 | 88.00 | 119.00 | OK | |
r-patched-linux-x86_64 | 0.7 | 4.61 | 62.16 | 66.77 | OK | |
r-release-linux-x86_64 | 0.7 | 7.22 | 64.59 | 71.81 | OK | |
r-release-macos-arm64 | 0.7 | 28.00 | NOTE | |||
r-release-macos-x86_64 | 0.7 | 42.00 | NOTE | |||
r-release-windows-x86_64 | 0.7 | 26.00 | 100.00 | 126.00 | OK | |
r-oldrel-macos-arm64 | 0.7 | 32.00 | NOTE | |||
r-oldrel-macos-x86_64 | 0.7 | 43.00 | NOTE | |||
r-oldrel-windows-ix86+x86_64 | 0.7 | 16.00 | 93.00 | 109.00 | OK |
Version: 0.7
Check: dependencies in R code
Result: NOTE
Namespace in Imports field not imported from: ‘ggplot2’
All declared Imports should be used.
Flavors: r-devel-linux-x86_64-fedora-clang, r-devel-linux-x86_64-fedora-gcc, r-release-macos-arm64, r-release-macos-x86_64, r-oldrel-macos-arm64, r-oldrel-macos-x86_64