Last updated on 2025-05-07 11:55:29 CEST.
Flavor | Version | Tinstall | Tcheck | Ttotal | Status | Flags |
---|---|---|---|---|---|---|
r-devel-linux-x86_64-debian-clang | 0.5.1 | 12.62 | 95.30 | 107.92 | NOTE | |
r-devel-linux-x86_64-debian-gcc | 0.5.1 | 9.21 | 64.41 | 73.62 | NOTE | |
r-devel-linux-x86_64-fedora-clang | 0.5.1 | 177.29 | NOTE | |||
r-devel-linux-x86_64-fedora-gcc | 0.5.1 | 161.20 | NOTE | |||
r-devel-windows-x86_64 | 0.5.1 | 17.00 | 106.00 | 123.00 | NOTE | |
r-patched-linux-x86_64 | 0.5.1 | 13.46 | 85.34 | 98.80 | NOTE | |
r-release-linux-x86_64 | 0.5.1 | 12.34 | 88.79 | 101.13 | NOTE | |
r-release-macos-arm64 | 0.5.1 | 48.00 | NOTE | |||
r-release-macos-x86_64 | 0.5.1 | 97.00 | NOTE | |||
r-release-windows-x86_64 | 0.5.1 | 18.00 | 106.00 | 124.00 | NOTE | |
r-oldrel-macos-arm64 | 0.5.1 | 52.00 | OK | |||
r-oldrel-macos-x86_64 | 0.5.1 | 92.00 | OK | |||
r-oldrel-windows-x86_64 | 0.5.1 | 21.00 | 135.00 | 156.00 | OK |
Version: 0.5.1
Check: compiled code
Result: NOTE
File ‘fastplyr/libs/fastplyr.so’:
Found non-API call to R: ‘Rf_isFrame’
Compiled code should not call non-API entry points in R.
See ‘Writing portable packages’ in the ‘Writing R Extensions’ manual,
and section ‘Moving into C API compliance’ for issues with the use of
non-API entry points.
Flavors: r-devel-linux-x86_64-debian-clang, r-devel-linux-x86_64-debian-gcc, r-devel-linux-x86_64-fedora-clang, r-devel-linux-x86_64-fedora-gcc, r-patched-linux-x86_64, r-release-linux-x86_64, r-release-macos-arm64, r-release-macos-x86_64
Version: 0.5.1
Check: compiled code
Result: NOTE
File 'fastplyr/libs/x64/fastplyr.dll':
Found non-API call to R: 'Rf_isFrame'
Compiled code should not call non-API entry points in R.
See 'Writing portable packages' in the 'Writing R Extensions' manual,
and section 'Moving into C API compliance' for issues with the use of
non-API entry points.
Flavors: r-devel-windows-x86_64, r-release-windows-x86_64