Last updated on 2022-08-14 11:52:59 CEST.
Flavor | Version | Tinstall | Tcheck | Ttotal | Status | Flags |
---|---|---|---|---|---|---|
r-devel-linux-x86_64-debian-clang | 1.1.0 | 4.56 | 39.41 | 43.97 | NOTE | |
r-devel-linux-x86_64-debian-gcc | 1.1.0 | 4.07 | 28.74 | 32.81 | NOTE | |
r-devel-linux-x86_64-fedora-clang | 1.1.0 | 65.95 | NOTE | |||
r-devel-linux-x86_64-fedora-gcc | 1.1.0 | 63.61 | NOTE | |||
r-devel-windows-x86_64 | 1.1.0 | 298.00 | 68.00 | 366.00 | NOTE | |
r-patched-linux-x86_64 | 1.1.0 | 5.18 | 37.94 | 43.12 | NOTE | |
r-release-linux-x86_64 | 1.1.0 | 3.99 | 37.21 | 41.20 | NOTE | |
r-release-macos-arm64 | 1.1.0 | 27.00 | NOTE | |||
r-release-macos-x86_64 | 1.1.0 | 29.00 | NOTE | |||
r-release-windows-x86_64 | 1.1.0 | 506.00 | 66.00 | 572.00 | NOTE | |
r-oldrel-macos-arm64 | 1.1.0 | 26.00 | NOTE | |||
r-oldrel-macos-x86_64 | 1.1.0 | 40.00 | NOTE | |||
r-oldrel-windows-ix86+x86_64 | 1.1.0 | 17.00 | 84.00 | 101.00 | NOTE |
Version: 1.1.0
Check: LazyData
Result: NOTE
'LazyData' is specified without a 'data' directory
Flavors: r-devel-linux-x86_64-debian-clang, r-devel-linux-x86_64-debian-gcc, r-devel-linux-x86_64-fedora-clang, r-devel-linux-x86_64-fedora-gcc, r-devel-windows-x86_64, r-patched-linux-x86_64, r-release-linux-x86_64, r-release-macos-arm64, r-release-macos-x86_64, r-release-windows-x86_64, r-oldrel-macos-arm64, r-oldrel-macos-x86_64, r-oldrel-windows-ix86+x86_64