CRAN Package Check Results for Package fastlogitME

Last updated on 2022-07-04 12:54:09 CEST.

Flavor Version Tinstall Tcheck Ttotal Status Flags
r-devel-linux-x86_64-debian-clang 0.1.0 2.71 23.84 26.55 NOTE
r-devel-linux-x86_64-debian-gcc 0.1.0 1.90 18.44 20.34 NOTE
r-devel-linux-x86_64-fedora-clang 0.1.0 42.73 NOTE
r-devel-linux-x86_64-fedora-gcc 0.1.0 42.46 NOTE
r-devel-windows-x86_64 0.1.0 13.00 64.00 77.00 NOTE
r-patched-linux-x86_64 0.1.0 2.39 23.04 25.43 NOTE
r-release-linux-x86_64 0.1.0 1.98 23.07 25.05 NOTE
r-release-macos-arm64 0.1.0 15.00 NOTE
r-release-macos-x86_64 0.1.0 21.00 NOTE
r-release-windows-x86_64 0.1.0 7.00 55.00 62.00 NOTE
r-oldrel-macos-arm64 0.1.0 20.00 NOTE
r-oldrel-macos-x86_64 0.1.0 24.00 NOTE
r-oldrel-windows-ix86+x86_64 0.1.0 5.00 30.00 35.00 NOTE

Check Details

Version: 0.1.0
Check: LazyData
Result: NOTE
     'LazyData' is specified without a 'data' directory
Flavors: r-devel-linux-x86_64-debian-clang, r-devel-linux-x86_64-debian-gcc, r-devel-linux-x86_64-fedora-clang, r-devel-linux-x86_64-fedora-gcc, r-devel-windows-x86_64, r-patched-linux-x86_64, r-release-linux-x86_64, r-release-macos-arm64, r-release-macos-x86_64, r-release-windows-x86_64, r-oldrel-macos-arm64, r-oldrel-macos-x86_64, r-oldrel-windows-ix86+x86_64