Last updated on 2024-04-19 11:56:45 CEST.
Flavor | Version | Tinstall | Tcheck | Ttotal | Status | Flags |
---|---|---|---|---|---|---|
r-devel-linux-x86_64-debian-clang | 1.1.3 | 8.67 | 67.52 | 76.19 | OK | |
r-devel-linux-x86_64-debian-gcc | 1.1.3 | OK | ||||
r-devel-linux-x86_64-fedora-clang | 1.1.3 | 97.53 | NOTE | |||
r-devel-linux-x86_64-fedora-gcc | 1.1.3 | 95.60 | OK | |||
r-prerel-macos-arm64 | 1.1.3 | 32.00 | OK | |||
r-prerel-windows-x86_64 | 1.1.3 | 13.00 | 72.00 | 85.00 | OK | |
r-patched-linux-x86_64 | 1.1.3 | 11.38 | 64.50 | 75.88 | OK | |
r-release-linux-x86_64 | 1.1.3 | 10.17 | 68.15 | 78.32 | OK | |
r-release-macos-arm64 | 1.1.3 | 37.00 | OK | |||
r-release-macos-x86_64 | 1.1.3 | 55.00 | OK | |||
r-release-windows-x86_64 | 1.1.3 | 17.00 | 84.00 | 101.00 | OK | |
r-oldrel-macos-arm64 | 1.1.3 | 39.00 | OK | |||
r-oldrel-windows-x86_64 | 1.1.3 | 16.00 | 88.00 | 104.00 | OK |
Version: 1.1.3
Check: installed package size
Result: NOTE
installed size is 7.4Mb
sub-directories of 1Mb or more:
libs 7.2Mb
Flavor: r-devel-linux-x86_64-fedora-clang