CRAN Package Check Results for Package fastcmh

Last updated on 2022-07-05 11:49:53 CEST.

Flavor Version Tinstall Tcheck Ttotal Status Flags
r-devel-linux-x86_64-debian-clang 0.2.7 39.25 33.89 73.14 OK
r-devel-linux-x86_64-debian-gcc 0.2.7 32.03 26.28 58.31 OK
r-devel-linux-x86_64-fedora-clang 0.2.7 115.74 NOTE
r-devel-linux-x86_64-fedora-gcc 0.2.7 106.59 NOTE
r-devel-windows-x86_64 0.2.7 40.00 80.00 120.00 OK
r-patched-linux-x86_64 0.2.7 34.10 32.86 66.96 OK
r-release-linux-x86_64 0.2.7 39.72 33.61 73.33 OK
r-release-macos-arm64 0.2.7 33.00 OK
r-release-macos-x86_64 0.2.7 41.00 OK
r-release-windows-x86_64 0.2.7 42.00 86.00 128.00 OK
r-oldrel-macos-arm64 0.2.7 37.00 OK
r-oldrel-macos-x86_64 0.2.7 57.00 OK
r-oldrel-windows-ix86+x86_64 0.2.7 109.00 88.00 197.00 OK

Check Details

Version: 0.2.7
Check: compiled code
Result: NOTE
    File ‘fastcmh/libs/fastcmh.so’:
     Found no calls to: ‘R_registerRoutines’, ‘R_useDynamicSymbols’
    
    It is good practice to register native routines and to disable symbol
    search.
    
    See ‘Writing portable packages’ in the ‘Writing R Extensions’ manual.
Flavors: r-devel-linux-x86_64-fedora-clang, r-devel-linux-x86_64-fedora-gcc