Last updated on 2024-08-16 12:49:08 CEST.
Flavor | Version | Tinstall | Tcheck | Ttotal | Status | Flags |
---|---|---|---|---|---|---|
r-devel-linux-x86_64-debian-clang | 2.2.2 | 23.78 | 242.50 | 266.28 | OK | |
r-devel-linux-x86_64-debian-gcc | 2.2.2 | 14.82 | 169.04 | 183.86 | OK | |
r-devel-linux-x86_64-fedora-clang | 2.2.2 | 437.90 | NOTE | |||
r-devel-linux-x86_64-fedora-gcc | 2.2.2 | 435.26 | OK | |||
r-devel-windows-x86_64 | 2.2.2 | 96.00 | 1103.00 | 1199.00 | NOTE | |
r-patched-linux-x86_64 | 2.2.2 | 32.25 | 224.93 | 257.18 | OK | |
r-release-linux-x86_64 | 2.2.2 | 21.55 | 227.06 | 248.61 | OK | |
r-release-macos-arm64 | 2.2.2 | 94.00 | NOTE | |||
r-release-macos-x86_64 | 2.2.2 | 183.00 | NOTE | |||
r-release-windows-x86_64 | 2.2.2 | 98.00 | 1132.00 | 1230.00 | NOTE | |
r-oldrel-macos-arm64 | 2.2.2 | 112.00 | NOTE | |||
r-oldrel-macos-x86_64 | 2.2.2 | 194.00 | NOTE | |||
r-oldrel-windows-x86_64 | 2.2.2 | 66.00 | 735.00 | 801.00 | NOTE |
Version: 2.2.2
Check: installed package size
Result: NOTE
installed size is 5.2Mb
sub-directories of 1Mb or more:
doc 3.0Mb
help 1.3Mb
Flavors: r-devel-linux-x86_64-fedora-clang, r-devel-windows-x86_64, r-release-macos-arm64, r-release-macos-x86_64, r-release-windows-x86_64, r-oldrel-macos-arm64, r-oldrel-macos-x86_64, r-oldrel-windows-x86_64