Last updated on 2024-04-18 12:52:44 CEST.
Flavor | Version | Tinstall | Tcheck | Ttotal | Status | Flags |
---|---|---|---|---|---|---|
r-devel-linux-x86_64-debian-clang | 2.1.0 | 158.34 | 40.08 | 198.42 | OK | |
r-devel-linux-x86_64-debian-gcc | 2.1.0 | 117.93 | 30.15 | 148.08 | OK | |
r-devel-linux-x86_64-fedora-clang | 2.1.0 | 304.30 | OK | |||
r-devel-linux-x86_64-fedora-gcc | 2.1.0 | 302.37 | OK | |||
r-prerel-macos-arm64 | 2.1.0 | 54.00 | NOTE | |||
r-prerel-windows-x86_64 | 2.1.0 | 113.00 | 80.00 | 193.00 | OK | |
r-patched-linux-x86_64 | 2.1.0 | 154.68 | 37.89 | 192.57 | OK | |
r-release-linux-x86_64 | 2.1.0 | 147.74 | 36.78 | 184.52 | OK | |
r-release-macos-arm64 | 2.1.0 | 81.00 | NOTE | |||
r-release-macos-x86_64 | 2.1.0 | 118.00 | NOTE | |||
r-release-windows-x86_64 | 2.1.0 | 119.00 | 85.00 | 204.00 | OK | |
r-oldrel-macos-arm64 | 2.1.0 | 65.00 | NOTE | |||
r-oldrel-windows-x86_64 | 2.1.0 | 136.00 | 83.00 | 219.00 | OK |
Version: 2.1.0
Check: installed package size
Result: NOTE
installed size is 7.6Mb
sub-directories of 1Mb or more:
doc 1.8Mb
libs 5.7Mb
Flavors: r-prerel-macos-arm64, r-release-macos-arm64, r-release-macos-x86_64, r-oldrel-macos-arm64