Last updated on 2024-04-23 10:54:02 CEST.
Flavor | Version | Tinstall | Tcheck | Ttotal | Status | Flags |
---|---|---|---|---|---|---|
r-devel-linux-x86_64-debian-clang | 1.0.4 | 77.86 | 85.01 | 162.87 | OK | |
r-devel-linux-x86_64-debian-gcc | 1.0.4 | 59.80 | 62.68 | 122.48 | OK | |
r-devel-linux-x86_64-fedora-clang | 1.0.4 | 235.90 | OK | |||
r-devel-linux-x86_64-fedora-gcc | 1.0.4 | 228.62 | OK | |||
r-prerel-macos-arm64 | 1.0.4 | 56.00 | NOTE | |||
r-prerel-macos-x86_64 | 1.0.4 | 126.00 | NOTE | |||
r-prerel-windows-x86_64 | 1.0.4 | 68.00 | 137.00 | 205.00 | OK | |
r-patched-linux-x86_64 | 1.0.4 | 76.04 | 79.66 | 155.70 | OK | |
r-release-linux-x86_64 | 1.0.4 | 71.99 | 76.05 | 148.04 | OK | |
r-release-macos-arm64 | 1.0.4 | 79.00 | NOTE | |||
r-release-macos-x86_64 | 1.0.4 | 100.00 | NOTE | |||
r-release-windows-x86_64 | 1.0.4 | 77.00 | 157.00 | 234.00 | OK | |
r-oldrel-macos-arm64 | 1.0.4 | 61.00 | NOTE | |||
r-oldrel-windows-x86_64 | 1.0.4 | 74.00 | 150.00 | 224.00 | OK |
Version: 1.0.4
Check: installed package size
Result: NOTE
installed size is 6.7Mb
sub-directories of 1Mb or more:
doc 1.7Mb
libs 3.9Mb
Flavors: r-prerel-macos-arm64, r-prerel-macos-x86_64, r-release-macos-arm64, r-release-macos-x86_64, r-oldrel-macos-arm64