Last updated on 2025-02-08 13:51:25 CET.
Flavor | Version | Tinstall | Tcheck | Ttotal | Status | Flags |
---|---|---|---|---|---|---|
r-devel-linux-x86_64-debian-clang | 1.0.6 | 16.67 | 37.37 | 54.04 | NOTE | |
r-devel-linux-x86_64-debian-gcc | 1.0.6 | 11.70 | 29.18 | 40.88 | NOTE | |
r-devel-linux-x86_64-fedora-clang | 1.0.6 | 99.54 | NOTE | |||
r-devel-linux-x86_64-fedora-gcc | 1.0.6 | 105.61 | NOTE | |||
r-devel-windows-x86_64 | 1.0.6 | 20.00 | 99.00 | 119.00 | NOTE | |
r-patched-linux-x86_64 | 1.0.6 | 17.88 | 35.81 | 53.69 | NOTE | |
r-release-linux-x86_64 | 1.0.6 | 15.93 | 35.58 | 51.51 | NOTE | |
r-release-macos-arm64 | 1.0.6 | 38.00 | NOTE | |||
r-release-macos-x86_64 | 1.0.6 | 112.00 | NOTE | |||
r-release-windows-x86_64 | 1.0.6 | 21.00 | 100.00 | 121.00 | NOTE | |
r-oldrel-macos-arm64 | 1.0.6 | 40.00 | NOTE | |||
r-oldrel-macos-x86_64 | 1.0.6 | 63.00 | NOTE | |||
r-oldrel-windows-x86_64 | 1.0.6 | 22.00 | 98.00 | 120.00 | NOTE |
Version: 1.0.6
Check: C++ specification
Result: NOTE
Specified C++11: please drop specification unless essential
Flavors: r-devel-linux-x86_64-debian-clang, r-devel-linux-x86_64-debian-gcc, r-devel-linux-x86_64-fedora-clang, r-devel-linux-x86_64-fedora-gcc, r-devel-windows-x86_64, r-patched-linux-x86_64, r-release-linux-x86_64, r-release-macos-arm64, r-release-macos-x86_64, r-release-windows-x86_64, r-oldrel-macos-arm64, r-oldrel-macos-x86_64, r-oldrel-windows-x86_64
Version: 1.0.6
Check: Rd cross-references
Result: NOTE
Found the following Rd file(s) with Rd \link{} targets missing package
anchors:
fastJT-package.Rd: Rcpp
Please provide package anchors for all Rd \link{} targets not in the
package itself and the base packages.
Flavors: r-devel-linux-x86_64-debian-clang, r-devel-linux-x86_64-debian-gcc, r-devel-windows-x86_64