CRAN Package Check Results for Package fastAdaboost

Last updated on 2022-07-07 12:55:23 CEST.

Flavor Version Tinstall Tcheck Ttotal Status Flags
r-devel-linux-x86_64-debian-clang 1.0.0 40.21 34.07 74.28 NOTE
r-devel-linux-x86_64-debian-gcc 1.0.0 34.20 26.29 60.49 NOTE
r-devel-linux-x86_64-fedora-clang 1.0.0 123.48 NOTE
r-devel-linux-x86_64-fedora-gcc 1.0.0 110.38 NOTE
r-devel-windows-x86_64 1.0.0 67.00 80.00 147.00 NOTE
r-patched-linux-x86_64 1.0.0 38.71 32.74 71.45 NOTE
r-release-linux-x86_64 1.0.0 35.68 33.14 68.82 NOTE
r-release-macos-arm64 1.0.0 28.00 NOTE
r-release-macos-x86_64 1.0.0 40.00 NOTE
r-release-windows-x86_64 1.0.0 50.00 82.00 132.00 NOTE
r-oldrel-macos-arm64 1.0.0 34.00 NOTE
r-oldrel-macos-x86_64 1.0.0 52.00 NOTE
r-oldrel-windows-ix86+x86_64 1.0.0 107.00 91.00 198.00 NOTE

Additional issues

clang-UBSAN

Check Details

Version: 1.0.0
Check: LazyData
Result: NOTE
     'LazyData' is specified without a 'data' directory
Flavors: r-devel-linux-x86_64-debian-clang, r-devel-linux-x86_64-debian-gcc, r-devel-linux-x86_64-fedora-clang, r-devel-linux-x86_64-fedora-gcc, r-devel-windows-x86_64, r-patched-linux-x86_64, r-release-linux-x86_64, r-release-macos-arm64, r-release-macos-x86_64, r-release-windows-x86_64, r-oldrel-macos-arm64, r-oldrel-macos-x86_64, r-oldrel-windows-ix86+x86_64

Version: 1.0.0
Check: compiled code
Result: NOTE
    File ‘fastAdaboost/libs/fastAdaboost.so’:
     Found no calls to: ‘R_registerRoutines’, ‘R_useDynamicSymbols’
    
    It is good practice to register native routines and to disable symbol
    search.
    
    See ‘Writing portable packages’ in the ‘Writing R Extensions’ manual.
Flavors: r-devel-linux-x86_64-fedora-clang, r-devel-linux-x86_64-fedora-gcc