Last updated on 2024-04-18 12:52:43 CEST.
Flavor | Version | Tinstall | Tcheck | Ttotal | Status | Flags |
---|---|---|---|---|---|---|
r-devel-linux-x86_64-debian-clang | 2.2.2 | 37.59 | 202.39 | 239.98 | NOTE | |
r-devel-linux-x86_64-debian-gcc | 2.2.2 | 31.34 | 157.15 | 188.49 | NOTE | |
r-devel-linux-x86_64-fedora-clang | 2.2.2 | 295.27 | NOTE | |||
r-devel-linux-x86_64-fedora-gcc | 2.2.2 | 298.06 | NOTE | |||
r-prerel-macos-arm64 | 2.2.2 | 87.00 | NOTE | |||
r-prerel-macos-x86_64 | 2.2.2 | 281.00 | NOTE | |||
r-prerel-windows-x86_64 | 2.2.2 | 32.00 | 212.00 | 244.00 | NOTE | |
r-patched-linux-x86_64 | 2.2.2 | 40.17 | 204.16 | 244.33 | NOTE | |
r-release-linux-x86_64 | 2.2.2 | 40.28 | 212.38 | 252.66 | NOTE | |
r-release-macos-arm64 | 2.2.2 | 104.00 | NOTE | |||
r-release-macos-x86_64 | 2.2.2 | 285.00 | NOTE | |||
r-release-windows-x86_64 | 2.2.2 | 29.00 | 268.00 | 297.00 | NOTE | |
r-oldrel-macos-arm64 | 2.2.2 | 100.00 | NOTE | |||
r-oldrel-windows-x86_64 | 2.2.2 | 40.00 | 262.00 | 302.00 | NOTE |
Version: 2.2.2
Check: for GNU extensions in Makefiles
Result: NOTE
GNU make is a SystemRequirements.
Flavors: r-devel-linux-x86_64-debian-clang, r-devel-linux-x86_64-debian-gcc, r-devel-linux-x86_64-fedora-clang, r-devel-linux-x86_64-fedora-gcc, r-prerel-macos-arm64, r-prerel-macos-x86_64, r-prerel-windows-x86_64, r-patched-linux-x86_64, r-release-linux-x86_64, r-release-macos-arm64, r-release-macos-x86_64, r-release-windows-x86_64, r-oldrel-macos-arm64, r-oldrel-windows-x86_64