CRAN Package Check Results for Package farver

Last updated on 2022-06-27 11:50:43 CEST.

Flavor Version Tinstall Tcheck Ttotal Status Flags
r-devel-linux-x86_64-debian-clang 2.1.0 31.52 24.94 56.46 OK
r-devel-linux-x86_64-debian-gcc 2.1.0 29.07 19.49 48.56 OK
r-devel-linux-x86_64-fedora-clang 2.1.0 92.54 OK
r-devel-linux-x86_64-fedora-gcc 2.1.0 95.40 OK
r-devel-windows-x86_64 2.1.0 59.00 57.00 116.00 OK
r-patched-linux-x86_64 2.1.0 32.65 24.62 57.27 OK
r-release-linux-x86_64 2.1.0 30.59 24.28 54.87 OK
r-release-macos-arm64 2.1.0 27.00 OK
r-release-macos-x86_64 2.1.0 34.00 OK
r-release-windows-x86_64 2.1.0 62.00 57.00 119.00 OK
r-oldrel-macos-arm64 2.1.0 38.00 NOTE
r-oldrel-macos-x86_64 2.1.0 52.00 OK
r-oldrel-windows-ix86+x86_64 2.1.0 93.00 57.00 150.00 OK

Check Details

Version: 2.1.0
Check: installed package size
Result: NOTE
     installed size is 5.6Mb
     sub-directories of 1Mb or more:
     help 1.6Mb
     libs 3.9Mb
Flavor: r-oldrel-macos-arm64