CRAN Package Check Results for Package farrell

Last updated on 2022-06-25 10:53:02 CEST.

Flavor Version Tinstall Tcheck Ttotal Status Flags
r-devel-linux-x86_64-debian-clang 0.2.1 1.96 27.02 28.98 NOTE
r-devel-linux-x86_64-debian-gcc 0.2.1 2.14 20.55 22.69 NOTE
r-devel-linux-x86_64-fedora-clang 0.2.1 46.10 NOTE
r-devel-linux-x86_64-fedora-gcc 0.2.1 44.80 NOTE
r-devel-windows-x86_64 0.2.1 14.00 56.00 70.00 NOTE
r-patched-linux-x86_64 0.2.1 2.83 25.19 28.02 NOTE
r-release-linux-x86_64 0.2.1 2.18 25.67 27.85 NOTE
r-release-macos-arm64 0.2.1 17.00 NOTE
r-release-macos-x86_64 0.2.1 29.00 NOTE
r-release-windows-x86_64 0.2.1 12.00 57.00 69.00 NOTE
r-oldrel-macos-arm64 0.2.1 21.00 NOTE
r-oldrel-macos-x86_64 0.2.1 26.00 NOTE
r-oldrel-windows-ix86+x86_64 0.2.1 7.00 42.00 49.00 NOTE

Check Details

Version: 0.2.1
Check: LazyData
Result: NOTE
     'LazyData' is specified without a 'data' directory
Flavors: r-devel-linux-x86_64-debian-clang, r-devel-linux-x86_64-debian-gcc, r-devel-linux-x86_64-fedora-clang, r-devel-linux-x86_64-fedora-gcc, r-devel-windows-x86_64, r-patched-linux-x86_64, r-release-linux-x86_64, r-release-macos-arm64, r-release-macos-x86_64, r-release-windows-x86_64, r-oldrel-macos-arm64, r-oldrel-macos-x86_64, r-oldrel-windows-ix86+x86_64

Version: 0.2.1
Check: dependencies in R code
Result: NOTE
    Namespace in Imports field not imported from: ‘rlang’
     All declared Imports should be used.
Flavors: r-devel-linux-x86_64-fedora-clang, r-devel-linux-x86_64-fedora-gcc, r-release-macos-arm64, r-release-macos-x86_64, r-oldrel-macos-arm64, r-oldrel-macos-x86_64