Last updated on 2023-09-22 12:56:26 CEST.
Flavor | Version | Tinstall | Tcheck | Ttotal | Status | Flags |
---|---|---|---|---|---|---|
r-devel-linux-x86_64-debian-clang | 0.2.30 | 6.84 | 60.22 | 67.06 | OK | |
r-devel-linux-x86_64-debian-gcc | 0.2.30 | 5.65 | 44.43 | 50.08 | OK | |
r-devel-linux-x86_64-fedora-clang | 0.2.30 | 85.43 | NOTE | |||
r-devel-linux-x86_64-fedora-gcc | 0.2.30 | 79.02 | NOTE | |||
r-devel-windows-x86_64 | 0.2.30 | 8.00 | 83.00 | 91.00 | OK | |
r-patched-linux-x86_64 | 0.2.30 | 7.31 | 57.45 | 64.76 | OK | |
r-release-linux-x86_64 | 0.2.30 | 4.97 | 57.39 | 62.36 | OK | |
r-release-macos-arm64 | 0.2.30 | 39.00 | OK | |||
r-release-macos-x86_64 | 0.2.30 | 53.00 | OK | |||
r-release-windows-x86_64 | 0.2.30 | 9.00 | 91.00 | 100.00 | OK | |
r-oldrel-macos-arm64 | 0.2.30 | 30.00 | OK | |||
r-oldrel-macos-x86_64 | 0.2.30 | 45.00 | OK | |||
r-oldrel-windows-x86_64 | 0.2.30 | 10.00 | 88.00 | 98.00 | OK |
Version: 0.2.30
Check: data for non-ASCII characters
Result: NOTE
Note: found 1430 marked UTF-8 strings
Flavors: r-devel-linux-x86_64-fedora-clang, r-devel-linux-x86_64-fedora-gcc